{"id":20335,"date":"2025-11-25T18:51:42","date_gmt":"2025-11-25T17:51:42","guid":{"rendered":"https:\/\/www.hirtenberg-apotheke.at\/katalog\/produkt\/nuxe-reve-de-miel-hand-und-nagelcreme-50-ml\/"},"modified":"2025-11-25T18:52:05","modified_gmt":"2025-11-25T17:52:05","slug":"nuxe-reve-de-miel-hand-und-nagelcreme-50-ml","status":"publish","type":"product","link":"https:\/\/www.hirtenberg-apotheke.at\/katalog\/produkt\/nuxe-reve-de-miel-hand-und-nagelcreme-50-ml\/","title":{"rendered":"Nuxe Reve de Miel Hand- und Nagelcreme 50 ml"},"content":{"rendered":"<p>Nuxe Reve de Miel Hand- und Nagelcreme wirkt mit Honig, Sonnenblume, wertvollen \u00d6len und Vitamin E besonders n\u00e4hrend und repariert trockene H\u00e4nde. Sch\u00fctzt die H\u00e4nde zus\u00e4tzlich vor vorzeitiger Alterung. Jeden Tag weiche H\u00e4nde und starke N\u00e4gel.<\/p>\n","protected":false},"excerpt":{"rendered":"<p>Nuxe Reve de Miel Hand- und Nagelcreme wirkt mit Honig, Sonnenblume, wertvollen \u00d6len und Vitamin E besonders n\u00e4hrend und repariert trockene H\u00e4nde. Sch\u00fctzt die H\u00e4nde zus\u00e4tzlich vor vorzeitiger Alterung. Jeden Tag weiche H\u00e4nde und starke N\u00e4gel.<\/p>\n","protected":false},"featured_media":20337,"template":"","meta":{"_acf_changed":false},"product_brand":[720],"product_cat":[310],"product_tag":[],"class_list":{"0":"post-20335","1":"product","2":"type-product","3":"status-publish","4":"has-post-thumbnail","6":"product_brand-nuxe","7":"product_cat-n","8":"pa_packungsgroesse-50ml","10":"first","11":"instock","12":"shipping-taxable","13":"purchasable","14":"product-type-simple"},"acf":[],"_links":{"self":[{"href":"https:\/\/www.hirtenberg-apotheke.at\/katalog\/wp-json\/wp\/v2\/product\/20335","targetHints":{"allow":["GET"]}}],"collection":[{"href":"https:\/\/www.hirtenberg-apotheke.at\/katalog\/wp-json\/wp\/v2\/product"}],"about":[{"href":"https:\/\/www.hirtenberg-apotheke.at\/katalog\/wp-json\/wp\/v2\/types\/product"}],"wp:featuredmedia":[{"embeddable":true,"href":"https:\/\/www.hirtenberg-apotheke.at\/katalog\/wp-json\/wp\/v2\/media\/20337"}],"wp:attachment":[{"href":"https:\/\/www.hirtenberg-apotheke.at\/katalog\/wp-json\/wp\/v2\/media?parent=20335"}],"wp:term":[{"taxonomy":"product_brand","embeddable":true,"href":"https:\/\/www.hirtenberg-apotheke.at\/katalog\/wp-json\/wp\/v2\/product_brand?post=20335"},{"taxonomy":"product_cat","embeddable":true,"href":"https:\/\/www.hirtenberg-apotheke.at\/katalog\/wp-json\/wp\/v2\/product_cat?post=20335"},{"taxonomy":"product_tag","embeddable":true,"href":"https:\/\/www.hirtenberg-apotheke.at\/katalog\/wp-json\/wp\/v2\/product_tag?post=20335"}],"curies":[{"name":"wp","href":"https:\/\/api.w.org\/{rel}","templated":true}]}}