{"id":20422,"date":"2025-11-25T18:52:53","date_gmt":"2025-11-25T17:52:53","guid":{"rendered":"https:\/\/www.hirtenberg-apotheke.at\/katalog\/produkt\/weleda-fussbalsam-75-ml\/"},"modified":"2025-11-25T18:52:55","modified_gmt":"2025-11-25T17:52:55","slug":"weleda-fussbalsam-75-ml","status":"publish","type":"product","link":"https:\/\/www.hirtenberg-apotheke.at\/katalog\/produkt\/weleda-fussbalsam-75-ml\/","title":{"rendered":"Weleda Fu\u00dfbalsam 75 ml"},"content":{"rendered":"<p>Weleda Fu\u00dfbalsam pflegt nicht nur, sonder kr\u00e4ftigt die Haut auch gleichzeitig. Au\u00dferdem sorgt das Balsam f\u00fcr ein angenehmes Fu\u00dfklima: Es schafft, indem er Fu\u00dfschwei\u00df bindet &#8211; aber nicht unterbindet &#8211; ein Milieu, das den Folgen von sich stauender Feuchtigkeit vorbeugt.<\/p>\n","protected":false},"excerpt":{"rendered":"<p>Weleda Fu\u00dfbalsam pflegt nicht nur, sonder kr\u00e4ftigt die Haut auch gleichzeitig. Au\u00dferdem sorgt das Balsam f\u00fcr ein angenehmes Fu\u00dfklima: Es schafft, indem er Fu\u00dfschwei\u00df bindet &#8211; aber nicht unterbindet &#8211; ein Milieu, das den Folgen von sich stauender Feuchtigkeit vorbeugt.<\/p>\n","protected":false},"featured_media":0,"template":"","meta":{"_acf_changed":false},"product_brand":[554],"product_cat":[368],"product_tag":[],"class_list":{"0":"post-20422","1":"product","2":"type-product","3":"status-publish","5":"product_brand-weleda","6":"product_cat-w","7":"pa_packungsgroesse-75ml","9":"first","10":"instock","11":"shipping-taxable","12":"purchasable","13":"product-type-simple"},"acf":[],"_links":{"self":[{"href":"https:\/\/www.hirtenberg-apotheke.at\/katalog\/wp-json\/wp\/v2\/product\/20422","targetHints":{"allow":["GET"]}}],"collection":[{"href":"https:\/\/www.hirtenberg-apotheke.at\/katalog\/wp-json\/wp\/v2\/product"}],"about":[{"href":"https:\/\/www.hirtenberg-apotheke.at\/katalog\/wp-json\/wp\/v2\/types\/product"}],"wp:attachment":[{"href":"https:\/\/www.hirtenberg-apotheke.at\/katalog\/wp-json\/wp\/v2\/media?parent=20422"}],"wp:term":[{"taxonomy":"product_brand","embeddable":true,"href":"https:\/\/www.hirtenberg-apotheke.at\/katalog\/wp-json\/wp\/v2\/product_brand?post=20422"},{"taxonomy":"product_cat","embeddable":true,"href":"https:\/\/www.hirtenberg-apotheke.at\/katalog\/wp-json\/wp\/v2\/product_cat?post=20422"},{"taxonomy":"product_tag","embeddable":true,"href":"https:\/\/www.hirtenberg-apotheke.at\/katalog\/wp-json\/wp\/v2\/product_tag?post=20422"}],"curies":[{"name":"wp","href":"https:\/\/api.w.org\/{rel}","templated":true}]}}