{"id":20661,"date":"2025-11-25T18:55:05","date_gmt":"2025-11-25T17:55:05","guid":{"rendered":"https:\/\/www.hirtenberg-apotheke.at\/katalog\/produkt\/burgit-erfrischender-pflegebalsam-75-ml\/"},"modified":"2025-11-25T18:55:16","modified_gmt":"2025-11-25T17:55:16","slug":"burgit-erfrischender-pflegebalsam-75-ml","status":"publish","type":"product","link":"https:\/\/www.hirtenberg-apotheke.at\/katalog\/produkt\/burgit-erfrischender-pflegebalsam-75-ml\/","title":{"rendered":"Burgit Erfrischender Pflegebalsam 75 ml"},"content":{"rendered":"<p>Burgit Erfrischender Pflegebalsam dient der t\u00e4glichen Pflege. Erfrischt und desodoriert. Der Balsam h\u00e4lt die F\u00fc\u00dfe gesund und hinterl\u00e4sst einen angenehmen, belebenden Frische-Duft. Dexpanthenol und Calendula-Extrakt sch\u00fctzen die Haut und pflegen sie geschmeidig weich. Das Ergebnis sind gesunde und gepflegte F\u00fc\u00dfe &#8211; Alle Produkte von Burgit dauerhaft preisgesenkt bestellen!<\/p>\n","protected":false},"excerpt":{"rendered":"<p>Burgit Erfrischender Pflegebalsam dient der t\u00e4glichen Pflege. Erfrischt und desodoriert. Der Balsam h\u00e4lt die F\u00fc\u00dfe gesund und hinterl\u00e4sst einen angenehmen, belebenden Frische-Duft. Dexpanthenol und Calendula-Extrakt sch\u00fctzen die Haut und pflegen sie geschmeidig weich. Das Ergebnis sind gesunde und gepflegte F\u00fc\u00dfe &#8211; Alle Produkte von Burgit dauerhaft preisgesenkt bestellen!<\/p>\n","protected":false},"featured_media":20663,"template":"","meta":{"_acf_changed":false},"product_brand":[756],"product_cat":[292],"product_tag":[],"class_list":{"0":"post-20661","1":"product","2":"type-product","3":"status-publish","4":"has-post-thumbnail","6":"product_brand-burgit","7":"product_cat-b","8":"pa_packungsgroesse-75ml","10":"first","11":"instock","12":"shipping-taxable","13":"purchasable","14":"product-type-simple"},"acf":[],"_links":{"self":[{"href":"https:\/\/www.hirtenberg-apotheke.at\/katalog\/wp-json\/wp\/v2\/product\/20661","targetHints":{"allow":["GET"]}}],"collection":[{"href":"https:\/\/www.hirtenberg-apotheke.at\/katalog\/wp-json\/wp\/v2\/product"}],"about":[{"href":"https:\/\/www.hirtenberg-apotheke.at\/katalog\/wp-json\/wp\/v2\/types\/product"}],"wp:featuredmedia":[{"embeddable":true,"href":"https:\/\/www.hirtenberg-apotheke.at\/katalog\/wp-json\/wp\/v2\/media\/20663"}],"wp:attachment":[{"href":"https:\/\/www.hirtenberg-apotheke.at\/katalog\/wp-json\/wp\/v2\/media?parent=20661"}],"wp:term":[{"taxonomy":"product_brand","embeddable":true,"href":"https:\/\/www.hirtenberg-apotheke.at\/katalog\/wp-json\/wp\/v2\/product_brand?post=20661"},{"taxonomy":"product_cat","embeddable":true,"href":"https:\/\/www.hirtenberg-apotheke.at\/katalog\/wp-json\/wp\/v2\/product_cat?post=20661"},{"taxonomy":"product_tag","embeddable":true,"href":"https:\/\/www.hirtenberg-apotheke.at\/katalog\/wp-json\/wp\/v2\/product_tag?post=20661"}],"curies":[{"name":"wp","href":"https:\/\/api.w.org\/{rel}","templated":true}]}}