{"id":20692,"date":"2025-11-25T18:55:24","date_gmt":"2025-11-25T17:55:24","guid":{"rendered":"https:\/\/www.hirtenberg-apotheke.at\/katalog\/produkt\/callusan-forte-creme-schaum-125-ml\/"},"modified":"2025-11-25T18:55:31","modified_gmt":"2025-11-25T17:55:31","slug":"callusan-forte-creme-schaum-125-ml","status":"publish","type":"product","link":"https:\/\/www.hirtenberg-apotheke.at\/katalog\/produkt\/callusan-forte-creme-schaum-125-ml\/","title":{"rendered":"CALLUSAN Forte Creme SCHAUM 125 ML"},"content":{"rendered":"<p>Zur Intensivpflege von Hornhaut und Schrunden entwickelt, f\u00fchrt Callusan Forte zu verbl\u00fcffenden Pflegeerfolgen. Mit der neuen Pflegeformel aus hochdosierter Urea (Harnstoff), Avocado-\u00d6l und Shea-Butter wird selbst hartn\u00e4ckige Hornhaut sp\u00fcrbar weicher.<\/p>\n","protected":false},"excerpt":{"rendered":"<p>Zur Intensivpflege von Hornhaut und Schrunden entwickelt, f\u00fchrt Callusan Forte zu verbl\u00fcffenden Pflegeerfolgen. Mit der neuen Pflegeformel aus hochdosierter Urea (Harnstoff), Avocado-\u00d6l und Shea-Butter wird selbst hartn\u00e4ckige Hornhaut sp\u00fcrbar weicher.<\/p>\n","protected":false},"featured_media":20694,"template":"","meta":{"_acf_changed":false},"product_brand":[],"product_cat":[337],"product_tag":[],"class_list":{"0":"post-20692","1":"product","2":"type-product","3":"status-publish","4":"has-post-thumbnail","6":"product_cat-c","7":"pa_packungsgroesse-125ml","9":"first","10":"instock","11":"shipping-taxable","12":"purchasable","13":"product-type-simple"},"acf":[],"_links":{"self":[{"href":"https:\/\/www.hirtenberg-apotheke.at\/katalog\/wp-json\/wp\/v2\/product\/20692","targetHints":{"allow":["GET"]}}],"collection":[{"href":"https:\/\/www.hirtenberg-apotheke.at\/katalog\/wp-json\/wp\/v2\/product"}],"about":[{"href":"https:\/\/www.hirtenberg-apotheke.at\/katalog\/wp-json\/wp\/v2\/types\/product"}],"wp:featuredmedia":[{"embeddable":true,"href":"https:\/\/www.hirtenberg-apotheke.at\/katalog\/wp-json\/wp\/v2\/media\/20694"}],"wp:attachment":[{"href":"https:\/\/www.hirtenberg-apotheke.at\/katalog\/wp-json\/wp\/v2\/media?parent=20692"}],"wp:term":[{"taxonomy":"product_brand","embeddable":true,"href":"https:\/\/www.hirtenberg-apotheke.at\/katalog\/wp-json\/wp\/v2\/product_brand?post=20692"},{"taxonomy":"product_cat","embeddable":true,"href":"https:\/\/www.hirtenberg-apotheke.at\/katalog\/wp-json\/wp\/v2\/product_cat?post=20692"},{"taxonomy":"product_tag","embeddable":true,"href":"https:\/\/www.hirtenberg-apotheke.at\/katalog\/wp-json\/wp\/v2\/product_tag?post=20692"}],"curies":[{"name":"wp","href":"https:\/\/api.w.org\/{rel}","templated":true}]}}