{"id":21627,"date":"2025-11-25T19:05:03","date_gmt":"2025-11-25T18:05:03","guid":{"rendered":"https:\/\/www.hirtenberg-apotheke.at\/katalog\/produkt\/medipharma-cosmetics-olivenoel-koerperbalsam-500-ml\/"},"modified":"2025-11-25T19:05:09","modified_gmt":"2025-11-25T18:05:09","slug":"medipharma-cosmetics-olivenoel-koerperbalsam-500-ml","status":"publish","type":"product","link":"https:\/\/www.hirtenberg-apotheke.at\/katalog\/produkt\/medipharma-cosmetics-olivenoel-koerperbalsam-500-ml\/","title":{"rendered":"Medipharma Cosmetics Oliven\u00f6l K\u00f6rperbalsam 500 ml"},"content":{"rendered":"<p>Medipharma Cosmetics Oliven\u00f6l K\u00f6rperbalsam versorgt trockene und empfindliche Haut mit ausreichend Feuchtigkeit. Kostbare \u00d6le, Vitamin E und hautpflegende Shea Butter sch\u00fctzen die Haut vor dem Austrocknen und unterst\u00fctzen ihre Regeneration. Schon beim Auftragen sp\u00fcren Sie, wie schnell die Feuchtigkeit von der Haut aufgenommen wird. Die Haut f\u00fchlt sich zart und geschmeidig an. Dieser Balsam ist in den Packungsgr\u00f6\u00dfen 250 ml und 500 ml erh\u00e4ltlich.<\/p>\n","protected":false},"excerpt":{"rendered":"<p>Medipharma Cosmetics Oliven\u00f6l K\u00f6rperbalsam versorgt trockene und empfindliche Haut mit ausreichend Feuchtigkeit. Kostbare \u00d6le, Vitamin E und hautpflegende Shea Butter sch\u00fctzen die Haut vor dem Austrocknen und unterst\u00fctzen ihre Regeneration. Schon beim Auftragen sp\u00fcren Sie, wie schnell die Feuchtigkeit von der Haut aufgenommen wird. Die Haut f\u00fchlt sich zart und geschmeidig an. Dieser Balsam ist [&hellip;]<\/p>\n","protected":false},"featured_media":21629,"template":"","meta":{"_acf_changed":false},"product_brand":[701],"product_cat":[308],"product_tag":[],"class_list":{"0":"post-21627","1":"product","2":"type-product","3":"status-publish","4":"has-post-thumbnail","6":"product_brand-olivenoel-theiss","7":"product_cat-m","8":"pa_packungsgroesse-500ml","10":"first","11":"instock","12":"shipping-taxable","13":"purchasable","14":"product-type-simple"},"acf":[],"_links":{"self":[{"href":"https:\/\/www.hirtenberg-apotheke.at\/katalog\/wp-json\/wp\/v2\/product\/21627","targetHints":{"allow":["GET"]}}],"collection":[{"href":"https:\/\/www.hirtenberg-apotheke.at\/katalog\/wp-json\/wp\/v2\/product"}],"about":[{"href":"https:\/\/www.hirtenberg-apotheke.at\/katalog\/wp-json\/wp\/v2\/types\/product"}],"wp:featuredmedia":[{"embeddable":true,"href":"https:\/\/www.hirtenberg-apotheke.at\/katalog\/wp-json\/wp\/v2\/media\/21629"}],"wp:attachment":[{"href":"https:\/\/www.hirtenberg-apotheke.at\/katalog\/wp-json\/wp\/v2\/media?parent=21627"}],"wp:term":[{"taxonomy":"product_brand","embeddable":true,"href":"https:\/\/www.hirtenberg-apotheke.at\/katalog\/wp-json\/wp\/v2\/product_brand?post=21627"},{"taxonomy":"product_cat","embeddable":true,"href":"https:\/\/www.hirtenberg-apotheke.at\/katalog\/wp-json\/wp\/v2\/product_cat?post=21627"},{"taxonomy":"product_tag","embeddable":true,"href":"https:\/\/www.hirtenberg-apotheke.at\/katalog\/wp-json\/wp\/v2\/product_tag?post=21627"}],"curies":[{"name":"wp","href":"https:\/\/api.w.org\/{rel}","templated":true}]}}