{"id":21993,"date":"2025-11-25T19:09:00","date_gmt":"2025-11-25T18:09:00","guid":{"rendered":"https:\/\/www.hirtenberg-apotheke.at\/katalog\/produkt\/weleda-edeltannen-erholungsbad-200-ml\/"},"modified":"2025-11-25T19:09:15","modified_gmt":"2025-11-25T18:09:15","slug":"weleda-edeltannen-erholungsbad-200-ml","status":"publish","type":"product","link":"https:\/\/www.hirtenberg-apotheke.at\/katalog\/produkt\/weleda-edeltannen-erholungsbad-200-ml\/","title":{"rendered":"Weleda Edeltannen Erholungsbad 200 ml"},"content":{"rendered":"<p>Das Edeltannen Erholungsbad ist, wie alle Bade-Essenzen von Weleda, ganz sanft zur Haut: Es enth\u00e4lt keine synthetischen Emulgatoren, die die Haut austrocknen und entfetten k\u00f6nnen, keine synthetischen Duft-, Farb- und Konservierungsstoffe und keine sch\u00e4umenden Tenside.<\/p>\n","protected":false},"excerpt":{"rendered":"<p>Das Edeltannen Erholungsbad ist, wie alle Bade-Essenzen von Weleda, ganz sanft zur Haut: Es enth\u00e4lt keine synthetischen Emulgatoren, die die Haut austrocknen und entfetten k\u00f6nnen, keine synthetischen Duft-, Farb- und Konservierungsstoffe und keine sch\u00e4umenden Tenside.<\/p>\n","protected":false},"featured_media":0,"template":"","meta":{"_acf_changed":false},"product_brand":[554],"product_cat":[368],"product_tag":[],"class_list":{"0":"post-21993","1":"product","2":"type-product","3":"status-publish","5":"product_brand-weleda","6":"product_cat-w","7":"pa_packungsgroesse-200ml","9":"first","10":"instock","11":"shipping-taxable","12":"purchasable","13":"product-type-simple"},"acf":[],"_links":{"self":[{"href":"https:\/\/www.hirtenberg-apotheke.at\/katalog\/wp-json\/wp\/v2\/product\/21993","targetHints":{"allow":["GET"]}}],"collection":[{"href":"https:\/\/www.hirtenberg-apotheke.at\/katalog\/wp-json\/wp\/v2\/product"}],"about":[{"href":"https:\/\/www.hirtenberg-apotheke.at\/katalog\/wp-json\/wp\/v2\/types\/product"}],"wp:attachment":[{"href":"https:\/\/www.hirtenberg-apotheke.at\/katalog\/wp-json\/wp\/v2\/media?parent=21993"}],"wp:term":[{"taxonomy":"product_brand","embeddable":true,"href":"https:\/\/www.hirtenberg-apotheke.at\/katalog\/wp-json\/wp\/v2\/product_brand?post=21993"},{"taxonomy":"product_cat","embeddable":true,"href":"https:\/\/www.hirtenberg-apotheke.at\/katalog\/wp-json\/wp\/v2\/product_cat?post=21993"},{"taxonomy":"product_tag","embeddable":true,"href":"https:\/\/www.hirtenberg-apotheke.at\/katalog\/wp-json\/wp\/v2\/product_tag?post=21993"}],"curies":[{"name":"wp","href":"https:\/\/api.w.org\/{rel}","templated":true}]}}