{"id":22118,"date":"2025-11-25T19:10:31","date_gmt":"2025-11-25T18:10:31","guid":{"rendered":"https:\/\/www.hirtenberg-apotheke.at\/katalog\/produkt\/cutano-waschpflege-200-ml\/"},"modified":"2025-11-25T19:10:40","modified_gmt":"2025-11-25T18:10:40","slug":"cutano-waschpflege-200-ml","status":"publish","type":"product","link":"https:\/\/www.hirtenberg-apotheke.at\/katalog\/produkt\/cutano-waschpflege-200-ml\/","title":{"rendered":"Cutano Waschpflege 200 ml"},"content":{"rendered":"<p>Cutano Waschpflege reinigt Ihre Haut t\u00e4glich mit wertvollen Wirkstoffen. R\u00fcckfettende Bestandteile sorgen daf\u00fcr, dass die Haut nicht auslaugt. Der besonders cremige Schaum ist frisch, angenehm und mild im Duft und bewirkte die t\u00e4gliche Pflege Ihrer Haut.<\/p>\n","protected":false},"excerpt":{"rendered":"<p>Cutano Waschpflege reinigt Ihre Haut t\u00e4glich mit wertvollen Wirkstoffen. R\u00fcckfettende Bestandteile sorgen daf\u00fcr, dass die Haut nicht auslaugt. Der besonders cremige Schaum ist frisch, angenehm und mild im Duft und bewirkte die t\u00e4gliche Pflege Ihrer Haut.<\/p>\n","protected":false},"featured_media":22120,"template":"","meta":{"_acf_changed":false},"product_brand":[],"product_cat":[337],"product_tag":[],"class_list":{"0":"post-22118","1":"product","2":"type-product","3":"status-publish","4":"has-post-thumbnail","6":"product_cat-c","7":"pa_packungsgroesse-200ml","9":"first","10":"instock","11":"shipping-taxable","12":"purchasable","13":"product-type-simple"},"acf":[],"_links":{"self":[{"href":"https:\/\/www.hirtenberg-apotheke.at\/katalog\/wp-json\/wp\/v2\/product\/22118","targetHints":{"allow":["GET"]}}],"collection":[{"href":"https:\/\/www.hirtenberg-apotheke.at\/katalog\/wp-json\/wp\/v2\/product"}],"about":[{"href":"https:\/\/www.hirtenberg-apotheke.at\/katalog\/wp-json\/wp\/v2\/types\/product"}],"wp:featuredmedia":[{"embeddable":true,"href":"https:\/\/www.hirtenberg-apotheke.at\/katalog\/wp-json\/wp\/v2\/media\/22120"}],"wp:attachment":[{"href":"https:\/\/www.hirtenberg-apotheke.at\/katalog\/wp-json\/wp\/v2\/media?parent=22118"}],"wp:term":[{"taxonomy":"product_brand","embeddable":true,"href":"https:\/\/www.hirtenberg-apotheke.at\/katalog\/wp-json\/wp\/v2\/product_brand?post=22118"},{"taxonomy":"product_cat","embeddable":true,"href":"https:\/\/www.hirtenberg-apotheke.at\/katalog\/wp-json\/wp\/v2\/product_cat?post=22118"},{"taxonomy":"product_tag","embeddable":true,"href":"https:\/\/www.hirtenberg-apotheke.at\/katalog\/wp-json\/wp\/v2\/product_tag?post=22118"}],"curies":[{"name":"wp","href":"https:\/\/api.w.org\/{rel}","templated":true}]}}