{"id":22154,"date":"2025-11-25T19:10:31","date_gmt":"2025-11-25T18:10:31","guid":{"rendered":"https:\/\/www.hirtenberg-apotheke.at\/katalog\/produkt\/dr-hauschka-regeneration-hals-dekolletecreme\/"},"modified":"2025-11-25T19:10:58","modified_gmt":"2025-11-25T18:10:58","slug":"dr-hauschka-regeneration-hals-dekolletecreme","status":"publish","type":"product","link":"https:\/\/www.hirtenberg-apotheke.at\/katalog\/produkt\/dr-hauschka-regeneration-hals-dekolletecreme\/","title":{"rendered":"Dr. Hauschka REGENERATION HALS + DEKOLLET\u00c9CREME"},"content":{"rendered":"<p>Dr. Hauschka Regenerations Hals- und Dekollet\u00e9creme schenkt der Haut neue Vitalit\u00e4t. Sie zieht schnell ein und vermittelt ein gestrafftes Hautgef\u00fchl.<\/p>\n","protected":false},"excerpt":{"rendered":"<p>Dr. Hauschka Regenerations Hals- und Dekollet\u00e9creme schenkt der Haut neue Vitalit\u00e4t. Sie zieht schnell ein und vermittelt ein gestrafftes Hautgef\u00fchl.<\/p>\n","protected":false},"featured_media":22156,"template":"","meta":{"_acf_changed":false},"product_brand":[695],"product_cat":[295],"product_tag":[],"class_list":{"0":"post-22154","1":"product","2":"type-product","3":"status-publish","4":"has-post-thumbnail","6":"product_brand-dr-hauschka","7":"product_cat-d","8":"pa_packungsgroesse-40ml","10":"first","11":"instock","12":"shipping-taxable","13":"purchasable","14":"product-type-simple"},"acf":[],"_links":{"self":[{"href":"https:\/\/www.hirtenberg-apotheke.at\/katalog\/wp-json\/wp\/v2\/product\/22154","targetHints":{"allow":["GET"]}}],"collection":[{"href":"https:\/\/www.hirtenberg-apotheke.at\/katalog\/wp-json\/wp\/v2\/product"}],"about":[{"href":"https:\/\/www.hirtenberg-apotheke.at\/katalog\/wp-json\/wp\/v2\/types\/product"}],"wp:featuredmedia":[{"embeddable":true,"href":"https:\/\/www.hirtenberg-apotheke.at\/katalog\/wp-json\/wp\/v2\/media\/22156"}],"wp:attachment":[{"href":"https:\/\/www.hirtenberg-apotheke.at\/katalog\/wp-json\/wp\/v2\/media?parent=22154"}],"wp:term":[{"taxonomy":"product_brand","embeddable":true,"href":"https:\/\/www.hirtenberg-apotheke.at\/katalog\/wp-json\/wp\/v2\/product_brand?post=22154"},{"taxonomy":"product_cat","embeddable":true,"href":"https:\/\/www.hirtenberg-apotheke.at\/katalog\/wp-json\/wp\/v2\/product_cat?post=22154"},{"taxonomy":"product_tag","embeddable":true,"href":"https:\/\/www.hirtenberg-apotheke.at\/katalog\/wp-json\/wp\/v2\/product_tag?post=22154"}],"curies":[{"name":"wp","href":"https:\/\/api.w.org\/{rel}","templated":true}]}}