{"id":22792,"date":"2025-11-25T19:17:59","date_gmt":"2025-11-25T18:17:59","guid":{"rendered":"https:\/\/www.hirtenberg-apotheke.at\/katalog\/produkt\/tetesept-bronchial-bad-125-ml\/"},"modified":"2025-11-25T19:18:20","modified_gmt":"2025-11-25T18:18:20","slug":"tetesept-bronchial-bad-125-ml","status":"publish","type":"product","link":"https:\/\/www.hirtenberg-apotheke.at\/katalog\/produkt\/tetesept-bronchial-bad-125-ml\/","title":{"rendered":"Tetesept Bronchial Bad 125 ml"},"content":{"rendered":"<p>Hochkonzentrierter Badezusatz mit wirksamen \u00e4therischen \u00d6len: + Thymian + Salbei + Minze + Eukalyptus. Hautpflegendes Schaumbad-Konzentrat mit R\u00fcckfettern. Hautvertr\u00e4glichkeit dermatologisch best\u00e4tigt. Frei von Paraffinen, Silikonen, Mineral\u00f6len, Parabenen.<\/p>\n","protected":false},"excerpt":{"rendered":"<p>Hochkonzentrierter Badezusatz mit wirksamen \u00e4therischen \u00d6len: + Thymian + Salbei + Minze + Eukalyptus. Hautpflegendes Schaumbad-Konzentrat mit R\u00fcckfettern. Hautvertr\u00e4glichkeit dermatologisch best\u00e4tigt. Frei von Paraffinen, Silikonen, Mineral\u00f6len, Parabenen.<\/p>\n","protected":false},"featured_media":0,"template":"","meta":{"_acf_changed":false},"product_brand":[468],"product_cat":[319],"product_tag":[],"class_list":{"0":"post-22792","1":"product","2":"type-product","3":"status-publish","5":"product_brand-tetesept","6":"product_cat-t","7":"pa_packungsgroesse-125ml","9":"first","10":"instock","11":"shipping-taxable","12":"purchasable","13":"product-type-simple"},"acf":[],"_links":{"self":[{"href":"https:\/\/www.hirtenberg-apotheke.at\/katalog\/wp-json\/wp\/v2\/product\/22792","targetHints":{"allow":["GET"]}}],"collection":[{"href":"https:\/\/www.hirtenberg-apotheke.at\/katalog\/wp-json\/wp\/v2\/product"}],"about":[{"href":"https:\/\/www.hirtenberg-apotheke.at\/katalog\/wp-json\/wp\/v2\/types\/product"}],"wp:attachment":[{"href":"https:\/\/www.hirtenberg-apotheke.at\/katalog\/wp-json\/wp\/v2\/media?parent=22792"}],"wp:term":[{"taxonomy":"product_brand","embeddable":true,"href":"https:\/\/www.hirtenberg-apotheke.at\/katalog\/wp-json\/wp\/v2\/product_brand?post=22792"},{"taxonomy":"product_cat","embeddable":true,"href":"https:\/\/www.hirtenberg-apotheke.at\/katalog\/wp-json\/wp\/v2\/product_cat?post=22792"},{"taxonomy":"product_tag","embeddable":true,"href":"https:\/\/www.hirtenberg-apotheke.at\/katalog\/wp-json\/wp\/v2\/product_tag?post=22792"}],"curies":[{"name":"wp","href":"https:\/\/api.w.org\/{rel}","templated":true}]}}