{"id":22838,"date":"2025-11-25T19:18:43","date_gmt":"2025-11-25T18:18:43","guid":{"rendered":"https:\/\/www.hirtenberg-apotheke.at\/katalog\/produkt\/kneipp-hautoel-mandelblueten-100-ml\/"},"modified":"2025-11-25T19:18:48","modified_gmt":"2025-11-25T18:18:48","slug":"kneipp-hautoel-mandelblueten-100-ml","status":"publish","type":"product","link":"https:\/\/www.hirtenberg-apotheke.at\/katalog\/produkt\/kneipp-hautoel-mandelblueten-100-ml\/","title":{"rendered":"Kneipp Haut\u00f6l Mandelbl\u00fcten 100 ml"},"content":{"rendered":"<p>Kneipp Haut\u00f6l Mandelbl\u00fcten Hautzart st\u00e4rkt die Hautbarriere, verbessert die Elastizit\u00e4t der Haut und sch\u00fctzt vor sch\u00e4dlichen Umwelteinfl\u00fcssen. Es wirkt aufbauend und verleiht ein geschmeidig weiches Hautgef\u00fchl.<\/p>\n","protected":false},"excerpt":{"rendered":"<p>Kneipp Haut\u00f6l Mandelbl\u00fcten Hautzart st\u00e4rkt die Hautbarriere, verbessert die Elastizit\u00e4t der Haut und sch\u00fctzt vor sch\u00e4dlichen Umwelteinfl\u00fcssen. Es wirkt aufbauend und verleiht ein geschmeidig weiches Hautgef\u00fchl.<\/p>\n","protected":false},"featured_media":0,"template":"","meta":{"_acf_changed":false},"product_brand":[680],"product_cat":[387],"product_tag":[],"class_list":{"0":"post-22838","1":"product","2":"type-product","3":"status-publish","5":"product_brand-kneipp","6":"product_cat-k","7":"pa_packungsgroesse-100ml","9":"first","10":"instock","11":"shipping-taxable","12":"purchasable","13":"product-type-simple"},"acf":[],"_links":{"self":[{"href":"https:\/\/www.hirtenberg-apotheke.at\/katalog\/wp-json\/wp\/v2\/product\/22838","targetHints":{"allow":["GET"]}}],"collection":[{"href":"https:\/\/www.hirtenberg-apotheke.at\/katalog\/wp-json\/wp\/v2\/product"}],"about":[{"href":"https:\/\/www.hirtenberg-apotheke.at\/katalog\/wp-json\/wp\/v2\/types\/product"}],"wp:attachment":[{"href":"https:\/\/www.hirtenberg-apotheke.at\/katalog\/wp-json\/wp\/v2\/media?parent=22838"}],"wp:term":[{"taxonomy":"product_brand","embeddable":true,"href":"https:\/\/www.hirtenberg-apotheke.at\/katalog\/wp-json\/wp\/v2\/product_brand?post=22838"},{"taxonomy":"product_cat","embeddable":true,"href":"https:\/\/www.hirtenberg-apotheke.at\/katalog\/wp-json\/wp\/v2\/product_cat?post=22838"},{"taxonomy":"product_tag","embeddable":true,"href":"https:\/\/www.hirtenberg-apotheke.at\/katalog\/wp-json\/wp\/v2\/product_tag?post=22838"}],"curies":[{"name":"wp","href":"https:\/\/api.w.org\/{rel}","templated":true}]}}