{"id":23030,"date":"2025-11-25T19:20:49","date_gmt":"2025-11-25T18:20:49","guid":{"rendered":"https:\/\/www.hirtenberg-apotheke.at\/katalog\/produkt\/elimax-anti-laeuse-shampoo-250-ml\/"},"modified":"2025-11-25T19:21:01","modified_gmt":"2025-11-25T18:21:01","slug":"elimax-anti-laeuse-shampoo-250-ml","status":"publish","type":"product","link":"https:\/\/www.hirtenberg-apotheke.at\/katalog\/produkt\/elimax-anti-laeuse-shampoo-250-ml\/","title":{"rendered":"Elimax Anti-L\u00e4use Shampoo 250 ml"},"content":{"rendered":"<p>Elimax Anti-L\u00e4use Shampoo ist die ideale All-in-one-L\u00f6sung bei Lausbefall und f\u00fchrt in nur 15 Minuten zum erw\u00fcnschten Erfolg. Das Produkt kann auch als pr\u00e4ventive Behandlung eingesetzt werden, z.B. wenn es in der Schule L\u00e4usealarm gibt, oder die Geschwister L\u00e4use haben.<\/p>\n","protected":false},"excerpt":{"rendered":"<p>Elimax Anti-L\u00e4use Shampoo ist die ideale All-in-one-L\u00f6sung bei Lausbefall und f\u00fchrt in nur 15 Minuten zum erw\u00fcnschten Erfolg. Das Produkt kann auch als pr\u00e4ventive Behandlung eingesetzt werden, z.B. wenn es in der Schule L\u00e4usealarm gibt, oder die Geschwister L\u00e4use haben.<\/p>\n","protected":false},"featured_media":0,"template":"","meta":{"_acf_changed":false},"product_brand":[],"product_cat":[307],"product_tag":[],"class_list":{"0":"post-23030","1":"product","2":"type-product","3":"status-publish","5":"product_cat-e","6":"pa_packungsgroesse-250ml","8":"first","9":"instock","10":"shipping-taxable","11":"purchasable","12":"product-type-simple"},"acf":[],"_links":{"self":[{"href":"https:\/\/www.hirtenberg-apotheke.at\/katalog\/wp-json\/wp\/v2\/product\/23030","targetHints":{"allow":["GET"]}}],"collection":[{"href":"https:\/\/www.hirtenberg-apotheke.at\/katalog\/wp-json\/wp\/v2\/product"}],"about":[{"href":"https:\/\/www.hirtenberg-apotheke.at\/katalog\/wp-json\/wp\/v2\/types\/product"}],"wp:attachment":[{"href":"https:\/\/www.hirtenberg-apotheke.at\/katalog\/wp-json\/wp\/v2\/media?parent=23030"}],"wp:term":[{"taxonomy":"product_brand","embeddable":true,"href":"https:\/\/www.hirtenberg-apotheke.at\/katalog\/wp-json\/wp\/v2\/product_brand?post=23030"},{"taxonomy":"product_cat","embeddable":true,"href":"https:\/\/www.hirtenberg-apotheke.at\/katalog\/wp-json\/wp\/v2\/product_cat?post=23030"},{"taxonomy":"product_tag","embeddable":true,"href":"https:\/\/www.hirtenberg-apotheke.at\/katalog\/wp-json\/wp\/v2\/product_tag?post=23030"}],"curies":[{"name":"wp","href":"https:\/\/api.w.org\/{rel}","templated":true}]}}