{"id":23090,"date":"2025-11-25T19:21:39","date_gmt":"2025-11-25T18:21:39","guid":{"rendered":"https:\/\/www.hirtenberg-apotheke.at\/katalog\/produkt\/vichy-homme-hydra-mag-c-duschgel-fuer-haut-und-haare\/"},"modified":"2025-11-25T19:21:44","modified_gmt":"2025-11-25T18:21:44","slug":"vichy-homme-hydra-mag-c-duschgel-fuer-haut-und-haare","status":"publish","type":"product","link":"https:\/\/www.hirtenberg-apotheke.at\/katalog\/produkt\/vichy-homme-hydra-mag-c-duschgel-fuer-haut-und-haare\/","title":{"rendered":"Vichy HOMME Hydra-Mag C Duschgel f\u00fcr Haut und Haare"},"content":{"rendered":"<p>VICHY HOMME HYDRA MAG C Duschgel ist ein feuchtigkeitsspendendes, belebendes Duschgel f\u00fcr K\u00f6rper und Haare. Speziell f\u00fcr die Bed\u00fcrfnisse des aktiven Mannes entwickelt..<\/p>\n","protected":false},"excerpt":{"rendered":"<p>VICHY HOMME HYDRA MAG C Duschgel ist ein feuchtigkeitsspendendes, belebendes Duschgel f\u00fcr K\u00f6rper und Haare. Speziell f\u00fcr die Bed\u00fcrfnisse des aktiven Mannes entwickelt..<\/p>\n","protected":false},"featured_media":0,"template":"","meta":{"_acf_changed":false},"product_brand":[691],"product_cat":[300],"product_tag":[],"class_list":{"0":"post-23090","1":"product","2":"type-product","3":"status-publish","5":"product_brand-vichy","6":"product_cat-v","7":"pa_packungsgroesse-200ml","9":"first","10":"instock","11":"shipping-taxable","12":"purchasable","13":"product-type-simple"},"acf":[],"_links":{"self":[{"href":"https:\/\/www.hirtenberg-apotheke.at\/katalog\/wp-json\/wp\/v2\/product\/23090","targetHints":{"allow":["GET"]}}],"collection":[{"href":"https:\/\/www.hirtenberg-apotheke.at\/katalog\/wp-json\/wp\/v2\/product"}],"about":[{"href":"https:\/\/www.hirtenberg-apotheke.at\/katalog\/wp-json\/wp\/v2\/types\/product"}],"wp:attachment":[{"href":"https:\/\/www.hirtenberg-apotheke.at\/katalog\/wp-json\/wp\/v2\/media?parent=23090"}],"wp:term":[{"taxonomy":"product_brand","embeddable":true,"href":"https:\/\/www.hirtenberg-apotheke.at\/katalog\/wp-json\/wp\/v2\/product_brand?post=23090"},{"taxonomy":"product_cat","embeddable":true,"href":"https:\/\/www.hirtenberg-apotheke.at\/katalog\/wp-json\/wp\/v2\/product_cat?post=23090"},{"taxonomy":"product_tag","embeddable":true,"href":"https:\/\/www.hirtenberg-apotheke.at\/katalog\/wp-json\/wp\/v2\/product_tag?post=23090"}],"curies":[{"name":"wp","href":"https:\/\/api.w.org\/{rel}","templated":true}]}}