{"id":23382,"date":"2025-11-25T19:25:17","date_gmt":"2025-11-25T18:25:17","guid":{"rendered":"https:\/\/www.hirtenberg-apotheke.at\/katalog\/produkt\/gynofit-waschlotion-200-ml-unparfuemiert\/"},"modified":"2025-11-25T19:26:29","modified_gmt":"2025-11-25T18:26:29","slug":"gynofit-waschlotion-200-ml-unparfuemiert","status":"publish","type":"product","link":"https:\/\/www.hirtenberg-apotheke.at\/katalog\/produkt\/gynofit-waschlotion-200-ml-unparfuemiert\/","title":{"rendered":"Gynofit Waschlotion 200 ml Unparf\u00fcmiert"},"content":{"rendered":"<p>Gynofit Waschlotion Unparf\u00fcmiert f\u00fcr die t\u00e4gliche Intimpflege, ohne oder auch w\u00e4hrend vaginaler Probleme.<\/p>\n","protected":false},"excerpt":{"rendered":"<p>Gynofit Waschlotion Unparf\u00fcmiert f\u00fcr die t\u00e4gliche Intimpflege, ohne oder auch w\u00e4hrend vaginaler Probleme.<\/p>\n","protected":false},"featured_media":23384,"template":"","meta":{"_acf_changed":false},"product_brand":[],"product_cat":[328],"product_tag":[],"class_list":{"0":"post-23382","1":"product","2":"type-product","3":"status-publish","4":"has-post-thumbnail","6":"product_cat-g","7":"pa_packungsgroesse-200ml","9":"first","10":"instock","11":"shipping-taxable","12":"purchasable","13":"product-type-simple"},"acf":[],"_links":{"self":[{"href":"https:\/\/www.hirtenberg-apotheke.at\/katalog\/wp-json\/wp\/v2\/product\/23382","targetHints":{"allow":["GET"]}}],"collection":[{"href":"https:\/\/www.hirtenberg-apotheke.at\/katalog\/wp-json\/wp\/v2\/product"}],"about":[{"href":"https:\/\/www.hirtenberg-apotheke.at\/katalog\/wp-json\/wp\/v2\/types\/product"}],"wp:featuredmedia":[{"embeddable":true,"href":"https:\/\/www.hirtenberg-apotheke.at\/katalog\/wp-json\/wp\/v2\/media\/23384"}],"wp:attachment":[{"href":"https:\/\/www.hirtenberg-apotheke.at\/katalog\/wp-json\/wp\/v2\/media?parent=23382"}],"wp:term":[{"taxonomy":"product_brand","embeddable":true,"href":"https:\/\/www.hirtenberg-apotheke.at\/katalog\/wp-json\/wp\/v2\/product_brand?post=23382"},{"taxonomy":"product_cat","embeddable":true,"href":"https:\/\/www.hirtenberg-apotheke.at\/katalog\/wp-json\/wp\/v2\/product_cat?post=23382"},{"taxonomy":"product_tag","embeddable":true,"href":"https:\/\/www.hirtenberg-apotheke.at\/katalog\/wp-json\/wp\/v2\/product_tag?post=23382"}],"curies":[{"name":"wp","href":"https:\/\/api.w.org\/{rel}","templated":true}]}}