{"id":23486,"date":"2025-11-25T19:26:34","date_gmt":"2025-11-25T18:26:34","guid":{"rendered":"https:\/\/www.hirtenberg-apotheke.at\/katalog\/produkt\/kneipp-aroma-pflegedusche-gute-laune-200-ml\/"},"modified":"2025-11-25T19:26:45","modified_gmt":"2025-11-25T18:26:45","slug":"kneipp-aroma-pflegedusche-gute-laune-200-ml","status":"publish","type":"product","link":"https:\/\/www.hirtenberg-apotheke.at\/katalog\/produkt\/kneipp-aroma-pflegedusche-gute-laune-200-ml\/","title":{"rendered":"Kneipp Aroma Pflegedusche Gute Laune 200 ml"},"content":{"rendered":"<p>Genie\u00dfen Sie einen unbeschwerten Moment des Gl\u00fccks mit der fruchtig heiter duftenden Kneipp\u00ae Aroma-Pflegedusche Gute Laune mit nat\u00fcrlichen \u00d6len aus Maracuja und Grapefruit. Der exotische Duft belebt die Sinne und zaubert ein L\u00e4cheln auf Ihr Gesicht.<\/p>\n","protected":false},"excerpt":{"rendered":"<p>Genie\u00dfen Sie einen unbeschwerten Moment des Gl\u00fccks mit der fruchtig heiter duftenden Kneipp\u00ae Aroma-Pflegedusche Gute Laune mit nat\u00fcrlichen \u00d6len aus Maracuja und Grapefruit. Der exotische Duft belebt die Sinne und zaubert ein L\u00e4cheln auf Ihr Gesicht.<\/p>\n","protected":false},"featured_media":0,"template":"","meta":{"_acf_changed":false},"product_brand":[680],"product_cat":[387],"product_tag":[],"class_list":{"0":"post-23486","1":"product","2":"type-product","3":"status-publish","5":"product_brand-kneipp","6":"product_cat-k","7":"pa_packungsgroesse-200ml","9":"first","10":"instock","11":"shipping-taxable","12":"purchasable","13":"product-type-simple"},"acf":[],"_links":{"self":[{"href":"https:\/\/www.hirtenberg-apotheke.at\/katalog\/wp-json\/wp\/v2\/product\/23486","targetHints":{"allow":["GET"]}}],"collection":[{"href":"https:\/\/www.hirtenberg-apotheke.at\/katalog\/wp-json\/wp\/v2\/product"}],"about":[{"href":"https:\/\/www.hirtenberg-apotheke.at\/katalog\/wp-json\/wp\/v2\/types\/product"}],"wp:attachment":[{"href":"https:\/\/www.hirtenberg-apotheke.at\/katalog\/wp-json\/wp\/v2\/media?parent=23486"}],"wp:term":[{"taxonomy":"product_brand","embeddable":true,"href":"https:\/\/www.hirtenberg-apotheke.at\/katalog\/wp-json\/wp\/v2\/product_brand?post=23486"},{"taxonomy":"product_cat","embeddable":true,"href":"https:\/\/www.hirtenberg-apotheke.at\/katalog\/wp-json\/wp\/v2\/product_cat?post=23486"},{"taxonomy":"product_tag","embeddable":true,"href":"https:\/\/www.hirtenberg-apotheke.at\/katalog\/wp-json\/wp\/v2\/product_tag?post=23486"}],"curies":[{"name":"wp","href":"https:\/\/api.w.org\/{rel}","templated":true}]}}