{"id":23524,"date":"2025-11-25T19:27:07","date_gmt":"2025-11-25T18:27:07","guid":{"rendered":"https:\/\/www.hirtenberg-apotheke.at\/katalog\/produkt\/glycerin-zaepfchen-sanova-mp-10-stk-1-g\/"},"modified":"2025-11-25T19:27:15","modified_gmt":"2025-11-25T18:27:15","slug":"glycerin-zaepfchen-sanova-mp-10-stk-1-g","status":"publish","type":"product","link":"https:\/\/www.hirtenberg-apotheke.at\/katalog\/produkt\/glycerin-zaepfchen-sanova-mp-10-stk-1-g\/","title":{"rendered":"Glycerin Z\u00e4pfchen Sanova MP 10 Stk. 1 g"},"content":{"rendered":"<p>Glycerin Z\u00e4pfchen Sanova MP sind ein mildes Mittel bei Verstopfung, zur Erleichterung der Stuhlentleerung bei Bettl\u00e4gerigkeit, zur Erweichung des Stuhles bei schmerzhaften Analleiden wie z.B. H\u00e4morrhoiden und schmerzhafte Einrisse der Afterschleimhaut (Analfissuren).<\/p>\n","protected":false},"excerpt":{"rendered":"<p>Glycerin Z\u00e4pfchen Sanova MP sind ein mildes Mittel bei Verstopfung, zur Erleichterung der Stuhlentleerung bei Bettl\u00e4gerigkeit, zur Erweichung des Stuhles bei schmerzhaften Analleiden wie z.B. H\u00e4morrhoiden und schmerzhafte Einrisse der Afterschleimhaut (Analfissuren).<\/p>\n","protected":false},"featured_media":0,"template":"","meta":{"_acf_changed":false},"product_brand":[],"product_cat":[328],"product_tag":[],"class_list":{"0":"post-23524","1":"product","2":"type-product","3":"status-publish","5":"product_cat-g","6":"pa_packungsgroesse-10-stueck","8":"first","9":"instock","10":"shipping-taxable","11":"purchasable","12":"product-type-simple"},"acf":[],"_links":{"self":[{"href":"https:\/\/www.hirtenberg-apotheke.at\/katalog\/wp-json\/wp\/v2\/product\/23524","targetHints":{"allow":["GET"]}}],"collection":[{"href":"https:\/\/www.hirtenberg-apotheke.at\/katalog\/wp-json\/wp\/v2\/product"}],"about":[{"href":"https:\/\/www.hirtenberg-apotheke.at\/katalog\/wp-json\/wp\/v2\/types\/product"}],"wp:attachment":[{"href":"https:\/\/www.hirtenberg-apotheke.at\/katalog\/wp-json\/wp\/v2\/media?parent=23524"}],"wp:term":[{"taxonomy":"product_brand","embeddable":true,"href":"https:\/\/www.hirtenberg-apotheke.at\/katalog\/wp-json\/wp\/v2\/product_brand?post=23524"},{"taxonomy":"product_cat","embeddable":true,"href":"https:\/\/www.hirtenberg-apotheke.at\/katalog\/wp-json\/wp\/v2\/product_cat?post=23524"},{"taxonomy":"product_tag","embeddable":true,"href":"https:\/\/www.hirtenberg-apotheke.at\/katalog\/wp-json\/wp\/v2\/product_tag?post=23524"}],"curies":[{"name":"wp","href":"https:\/\/api.w.org\/{rel}","templated":true}]}}