{"id":23835,"date":"2025-11-25T19:30:55","date_gmt":"2025-11-25T18:30:55","guid":{"rendered":"https:\/\/www.hirtenberg-apotheke.at\/katalog\/produkt\/bigaia-probiotische-tropfen-5-ml\/"},"modified":"2025-11-25T19:31:14","modified_gmt":"2025-11-25T18:31:14","slug":"bigaia-probiotische-tropfen-5-ml","status":"publish","type":"product","link":"https:\/\/www.hirtenberg-apotheke.at\/katalog\/produkt\/bigaia-probiotische-tropfen-5-ml\/","title":{"rendered":"BiGaia Probiotische Tropfen 5 ml"},"content":{"rendered":"<p>BiGaia Probiotische Tropfen mit Lactobacillus reuteri Protectis zur besonderen Ern\u00e4hrung bei Verdauungsst\u00f6rungen, wie z. B. S\u00e4uglingskoliken bedingt durch eine unausgewogene Darmflora, im Rahmen eines Di\u00e4tplanes. BiGaia verbessert die Magenentleerungsrate und reduziert Speiattacken sowie Koliken bei S\u00e4uglingen<\/p>\n","protected":false},"excerpt":{"rendered":"<p>BiGaia Probiotische Tropfen mit Lactobacillus reuteri Protectis zur besonderen Ern\u00e4hrung bei Verdauungsst\u00f6rungen, wie z. B. S\u00e4uglingskoliken bedingt durch eine unausgewogene Darmflora, im Rahmen eines Di\u00e4tplanes. BiGaia verbessert die Magenentleerungsrate und reduziert Speiattacken sowie Koliken bei S\u00e4uglingen<\/p>\n","protected":false},"featured_media":23837,"template":"","meta":{"_acf_changed":false},"product_brand":[],"product_cat":[292],"product_tag":[],"class_list":{"0":"post-23835","1":"product","2":"type-product","3":"status-publish","4":"has-post-thumbnail","6":"product_cat-b","7":"pa_packungsgroesse-5ml","9":"first","10":"instock","11":"shipping-taxable","12":"purchasable","13":"product-type-simple"},"acf":[],"_links":{"self":[{"href":"https:\/\/www.hirtenberg-apotheke.at\/katalog\/wp-json\/wp\/v2\/product\/23835","targetHints":{"allow":["GET"]}}],"collection":[{"href":"https:\/\/www.hirtenberg-apotheke.at\/katalog\/wp-json\/wp\/v2\/product"}],"about":[{"href":"https:\/\/www.hirtenberg-apotheke.at\/katalog\/wp-json\/wp\/v2\/types\/product"}],"wp:featuredmedia":[{"embeddable":true,"href":"https:\/\/www.hirtenberg-apotheke.at\/katalog\/wp-json\/wp\/v2\/media\/23837"}],"wp:attachment":[{"href":"https:\/\/www.hirtenberg-apotheke.at\/katalog\/wp-json\/wp\/v2\/media?parent=23835"}],"wp:term":[{"taxonomy":"product_brand","embeddable":true,"href":"https:\/\/www.hirtenberg-apotheke.at\/katalog\/wp-json\/wp\/v2\/product_brand?post=23835"},{"taxonomy":"product_cat","embeddable":true,"href":"https:\/\/www.hirtenberg-apotheke.at\/katalog\/wp-json\/wp\/v2\/product_cat?post=23835"},{"taxonomy":"product_tag","embeddable":true,"href":"https:\/\/www.hirtenberg-apotheke.at\/katalog\/wp-json\/wp\/v2\/product_tag?post=23835"}],"curies":[{"name":"wp","href":"https:\/\/api.w.org\/{rel}","templated":true}]}}