{"id":24022,"date":"2025-11-25T19:33:22","date_gmt":"2025-11-25T18:33:22","guid":{"rendered":"https:\/\/www.hirtenberg-apotheke.at\/katalog\/produkt\/milde-darmreinigung-flohsamen-kapseln-80-stk\/"},"modified":"2025-11-25T19:33:53","modified_gmt":"2025-11-25T18:33:53","slug":"milde-darmreinigung-flohsamen-kapseln-80-stk","status":"publish","type":"product","link":"https:\/\/www.hirtenberg-apotheke.at\/katalog\/produkt\/milde-darmreinigung-flohsamen-kapseln-80-stk\/","title":{"rendered":"Milde Darmreinigung Flohsamen Kapseln 80 Stk."},"content":{"rendered":"<p>Flohsamen sind die besten Freunde der Verdauung \u2013 oder sollten es zumindest werden! Denn die Schalen von Plantago ovata, dem Flohsamen, sind besonders reich an l\u00f6slichen Ballaststoffen mit sehr hohem Quellverm\u00f6gen. Wichtig bei der Einnahme ist deswegen, dass man zus\u00e4tzlich viel Fl\u00fcssigkeit zu sich nimmt. Durch eine milde Erh\u00f6hung des Stuhlvolumens wird die Verdauung unterst\u00fctzt und der Darm gereinigt. Um optimale Ergebnisse zu erzielen, wird zus\u00e4tzlich der Verzehr von basischen und ballaststoffreichen Nahrungsmitteln empfohlen..<\/p>\n","protected":false},"excerpt":{"rendered":"<p>Flohsamen sind die besten Freunde der Verdauung \u2013 oder sollten es zumindest werden! Denn die Schalen von Plantago ovata, dem Flohsamen, sind besonders reich an l\u00f6slichen Ballaststoffen mit sehr hohem Quellverm\u00f6gen. Wichtig bei der Einnahme ist deswegen, dass man zus\u00e4tzlich viel Fl\u00fcssigkeit zu sich nimmt. Durch eine milde Erh\u00f6hung des Stuhlvolumens wird die Verdauung unterst\u00fctzt [&hellip;]<\/p>\n","protected":false},"featured_media":24024,"template":"","meta":{"_acf_changed":false},"product_brand":[423],"product_cat":[308],"product_tag":[],"class_list":{"0":"post-24022","1":"product","2":"type-product","3":"status-publish","4":"has-post-thumbnail","6":"product_brand-doskar","7":"product_cat-m","8":"pa_packungsgroesse-80-stueck","10":"first","11":"instock","12":"shipping-taxable","13":"purchasable","14":"product-type-simple"},"acf":[],"_links":{"self":[{"href":"https:\/\/www.hirtenberg-apotheke.at\/katalog\/wp-json\/wp\/v2\/product\/24022","targetHints":{"allow":["GET"]}}],"collection":[{"href":"https:\/\/www.hirtenberg-apotheke.at\/katalog\/wp-json\/wp\/v2\/product"}],"about":[{"href":"https:\/\/www.hirtenberg-apotheke.at\/katalog\/wp-json\/wp\/v2\/types\/product"}],"wp:featuredmedia":[{"embeddable":true,"href":"https:\/\/www.hirtenberg-apotheke.at\/katalog\/wp-json\/wp\/v2\/media\/24024"}],"wp:attachment":[{"href":"https:\/\/www.hirtenberg-apotheke.at\/katalog\/wp-json\/wp\/v2\/media?parent=24022"}],"wp:term":[{"taxonomy":"product_brand","embeddable":true,"href":"https:\/\/www.hirtenberg-apotheke.at\/katalog\/wp-json\/wp\/v2\/product_brand?post=24022"},{"taxonomy":"product_cat","embeddable":true,"href":"https:\/\/www.hirtenberg-apotheke.at\/katalog\/wp-json\/wp\/v2\/product_cat?post=24022"},{"taxonomy":"product_tag","embeddable":true,"href":"https:\/\/www.hirtenberg-apotheke.at\/katalog\/wp-json\/wp\/v2\/product_tag?post=24022"}],"curies":[{"name":"wp","href":"https:\/\/api.w.org\/{rel}","templated":true}]}}