{"id":24107,"date":"2025-11-25T19:34:44","date_gmt":"2025-11-25T18:34:44","guid":{"rendered":"https:\/\/www.hirtenberg-apotheke.at\/katalog\/produkt\/life-light-gerstengras-bio-pulver-100-g\/"},"modified":"2025-11-25T19:34:59","modified_gmt":"2025-11-25T18:34:59","slug":"life-light-gerstengras-bio-pulver-100-g","status":"publish","type":"product","link":"https:\/\/www.hirtenberg-apotheke.at\/katalog\/produkt\/life-light-gerstengras-bio-pulver-100-g\/","title":{"rendered":"Life Light Gerstengras Bio Pulver 100 g"},"content":{"rendered":"<p>Life Light Gerstengras Bio Pulver enth\u00e4lt viele wichtige N\u00e4hrstoffe wie Vitamine, Mineralien, Chlorophyll, Beta-Carotin und Ballaststoffe. Das Pulver der jungen Gerstengr\u00e4ser hat dar\u00fcber hinaus einen hohen Anteil an vollwertigen pflanzlichen Proteinen.<\/p>\n","protected":false},"excerpt":{"rendered":"<p>Life Light Gerstengras Bio Pulver enth\u00e4lt viele wichtige N\u00e4hrstoffe wie Vitamine, Mineralien, Chlorophyll, Beta-Carotin und Ballaststoffe. Das Pulver der jungen Gerstengr\u00e4ser hat dar\u00fcber hinaus einen hohen Anteil an vollwertigen pflanzlichen Proteinen.<\/p>\n","protected":false},"featured_media":24109,"template":"","meta":{"_acf_changed":false},"product_brand":[],"product_cat":[317],"product_tag":[],"class_list":{"0":"post-24107","1":"product","2":"type-product","3":"status-publish","4":"has-post-thumbnail","6":"product_cat-l","7":"pa_packungsgroesse-100g","9":"first","10":"instock","11":"shipping-taxable","12":"purchasable","13":"product-type-simple"},"acf":[],"_links":{"self":[{"href":"https:\/\/www.hirtenberg-apotheke.at\/katalog\/wp-json\/wp\/v2\/product\/24107","targetHints":{"allow":["GET"]}}],"collection":[{"href":"https:\/\/www.hirtenberg-apotheke.at\/katalog\/wp-json\/wp\/v2\/product"}],"about":[{"href":"https:\/\/www.hirtenberg-apotheke.at\/katalog\/wp-json\/wp\/v2\/types\/product"}],"wp:featuredmedia":[{"embeddable":true,"href":"https:\/\/www.hirtenberg-apotheke.at\/katalog\/wp-json\/wp\/v2\/media\/24109"}],"wp:attachment":[{"href":"https:\/\/www.hirtenberg-apotheke.at\/katalog\/wp-json\/wp\/v2\/media?parent=24107"}],"wp:term":[{"taxonomy":"product_brand","embeddable":true,"href":"https:\/\/www.hirtenberg-apotheke.at\/katalog\/wp-json\/wp\/v2\/product_brand?post=24107"},{"taxonomy":"product_cat","embeddable":true,"href":"https:\/\/www.hirtenberg-apotheke.at\/katalog\/wp-json\/wp\/v2\/product_cat?post=24107"},{"taxonomy":"product_tag","embeddable":true,"href":"https:\/\/www.hirtenberg-apotheke.at\/katalog\/wp-json\/wp\/v2\/product_tag?post=24107"}],"curies":[{"name":"wp","href":"https:\/\/api.w.org\/{rel}","templated":true}]}}