{"id":24665,"date":"2025-11-25T19:41:58","date_gmt":"2025-11-25T18:41:58","guid":{"rendered":"https:\/\/www.hirtenberg-apotheke.at\/katalog\/produkt\/metacare-leber-kapseln-60-stk\/"},"modified":"2025-11-25T19:42:18","modified_gmt":"2025-11-25T18:42:18","slug":"metacare-leber-kapseln-60-stk","status":"publish","type":"product","link":"https:\/\/www.hirtenberg-apotheke.at\/katalog\/produkt\/metacare-leber-kapseln-60-stk\/","title":{"rendered":"Metacare Leber Kapseln 60 Stk."},"content":{"rendered":"<p>Metacare Leber Kapseln unterst\u00fctzen die Leber und verhindern eine \u00dcberforderung des zentralen Stoffwechselorgans. Symptome daf\u00fcr \u00e4u\u00dfern sich schnell durch Schwindel, Durchfall, Antriebslosigkeit und Appetitlosigkeit. Lassen Sie Ihre Leber mit bew\u00e4hrten Naturstoffen wie dem Silymarin aus der Mariendistel sowie Artischocken- und Traubenkernextrakten und der neuen, hochwertigen Wasabiformulatur wieder aufbl\u00fchen &#8211; profitieren Sie von hohen Rabatten und dem gro\u00dfen Sortiment einer Standortapotheke!<\/p>\n","protected":false},"excerpt":{"rendered":"<p>Metacare Leber Kapseln unterst\u00fctzen die Leber und verhindern eine \u00dcberforderung des zentralen Stoffwechselorgans. Symptome daf\u00fcr \u00e4u\u00dfern sich schnell durch Schwindel, Durchfall, Antriebslosigkeit und Appetitlosigkeit. Lassen Sie Ihre Leber mit bew\u00e4hrten Naturstoffen wie dem Silymarin aus der Mariendistel sowie Artischocken- und Traubenkernextrakten und der neuen, hochwertigen Wasabiformulatur wieder aufbl\u00fchen &#8211; profitieren Sie von hohen Rabatten und [&hellip;]<\/p>\n","protected":false},"featured_media":24667,"template":"","meta":{"_acf_changed":false},"product_brand":[],"product_cat":[308],"product_tag":[],"class_list":{"0":"post-24665","1":"product","2":"type-product","3":"status-publish","4":"has-post-thumbnail","6":"product_cat-m","7":"pa_packungsgroesse-60-stueck","9":"first","10":"instock","11":"shipping-taxable","12":"purchasable","13":"product-type-simple"},"acf":[],"_links":{"self":[{"href":"https:\/\/www.hirtenberg-apotheke.at\/katalog\/wp-json\/wp\/v2\/product\/24665","targetHints":{"allow":["GET"]}}],"collection":[{"href":"https:\/\/www.hirtenberg-apotheke.at\/katalog\/wp-json\/wp\/v2\/product"}],"about":[{"href":"https:\/\/www.hirtenberg-apotheke.at\/katalog\/wp-json\/wp\/v2\/types\/product"}],"wp:featuredmedia":[{"embeddable":true,"href":"https:\/\/www.hirtenberg-apotheke.at\/katalog\/wp-json\/wp\/v2\/media\/24667"}],"wp:attachment":[{"href":"https:\/\/www.hirtenberg-apotheke.at\/katalog\/wp-json\/wp\/v2\/media?parent=24665"}],"wp:term":[{"taxonomy":"product_brand","embeddable":true,"href":"https:\/\/www.hirtenberg-apotheke.at\/katalog\/wp-json\/wp\/v2\/product_brand?post=24665"},{"taxonomy":"product_cat","embeddable":true,"href":"https:\/\/www.hirtenberg-apotheke.at\/katalog\/wp-json\/wp\/v2\/product_cat?post=24665"},{"taxonomy":"product_tag","embeddable":true,"href":"https:\/\/www.hirtenberg-apotheke.at\/katalog\/wp-json\/wp\/v2\/product_tag?post=24665"}],"curies":[{"name":"wp","href":"https:\/\/api.w.org\/{rel}","templated":true}]}}