{"id":24755,"date":"2025-11-25T19:43:22","date_gmt":"2025-11-25T18:43:22","guid":{"rendered":"https:\/\/www.hirtenberg-apotheke.at\/katalog\/produkt\/diana-melissengeist-100-ml\/"},"modified":"2025-11-25T19:43:34","modified_gmt":"2025-11-25T18:43:34","slug":"diana-melissengeist-100-ml","status":"publish","type":"product","link":"https:\/\/www.hirtenberg-apotheke.at\/katalog\/produkt\/diana-melissengeist-100-ml\/","title":{"rendered":"Diana Melissengeist 100 ml"},"content":{"rendered":"<p align=\"left\"><span lang=\"DE\" style=\"margin: 0px; line-height: 107%;\"><font color=\"#000000\" face=\"arial,helvetica,sans-serif\">DianaMelissengeist mit Orangengeschmack ist ein vielseitig anwendbares und nat\u00fcrlichesHausmittel zum Einnehmen. Mit der Kraft der Melisse und einer Reihe wertvollerKr\u00e4uter<\/font><font face=\"arial,helvetica,sans-serif\"> <\/font><\/span><span style='margin: 0px; color: #222222; line-height: 107%; font-family: \"Open Sans\";'><font face=\"arial,helvetica,sans-serif\">wie Kamille, Enzian-wurzel, Anis, Pfefferminze,Rosmarin, Wacholderbeere und Ingwer deckt DIANA Melissengeist ein \u00e4u\u00dferstbreites Anwendungsspektrum ab. Dar\u00fcber hinaus enth\u00e4lt DIANA Melissengeistnat\u00fcrliche \u00e4therische \u00d6le der Orange, die f\u00fcr einen erfrischenden, angenehmenGeschmack sorgen.<br \/>DIANA Melissengeist ist nicht nur wohltuend, sondern auch wohlschmeckend undkann daher im Gegensatz zu reinen Kr\u00e4uterdestillaten unverd\u00fcnnt eingenommenwerden.<\/font><\/span><\/p>\n","protected":false},"excerpt":{"rendered":"<p>DianaMelissengeist mit Orangengeschmack ist ein vielseitig anwendbares und nat\u00fcrlichesHausmittel zum Einnehmen. Mit der Kraft der Melisse und einer Reihe wertvollerKr\u00e4uter wie Kamille, Enzian-wurzel, Anis, Pfefferminze,Rosmarin, Wacholderbeere und Ingwer deckt DIANA Melissengeist ein \u00e4u\u00dferstbreites Anwendungsspektrum ab. Dar\u00fcber hinaus enth\u00e4lt DIANA Melissengeistnat\u00fcrliche \u00e4therische \u00d6le der Orange, die f\u00fcr einen erfrischenden, angenehmenGeschmack sorgen.DIANA Melissengeist ist nicht nur wohltuend, [&hellip;]<\/p>\n","protected":false},"featured_media":0,"template":"","meta":{"_acf_changed":false},"product_brand":[],"product_cat":[295],"product_tag":[],"class_list":{"0":"post-24755","1":"product","2":"type-product","3":"status-publish","5":"product_cat-d","6":"pa_packungsgroesse-100ml","8":"first","9":"instock","10":"shipping-taxable","11":"purchasable","12":"product-type-simple"},"acf":[],"_links":{"self":[{"href":"https:\/\/www.hirtenberg-apotheke.at\/katalog\/wp-json\/wp\/v2\/product\/24755","targetHints":{"allow":["GET"]}}],"collection":[{"href":"https:\/\/www.hirtenberg-apotheke.at\/katalog\/wp-json\/wp\/v2\/product"}],"about":[{"href":"https:\/\/www.hirtenberg-apotheke.at\/katalog\/wp-json\/wp\/v2\/types\/product"}],"wp:attachment":[{"href":"https:\/\/www.hirtenberg-apotheke.at\/katalog\/wp-json\/wp\/v2\/media?parent=24755"}],"wp:term":[{"taxonomy":"product_brand","embeddable":true,"href":"https:\/\/www.hirtenberg-apotheke.at\/katalog\/wp-json\/wp\/v2\/product_brand?post=24755"},{"taxonomy":"product_cat","embeddable":true,"href":"https:\/\/www.hirtenberg-apotheke.at\/katalog\/wp-json\/wp\/v2\/product_cat?post=24755"},{"taxonomy":"product_tag","embeddable":true,"href":"https:\/\/www.hirtenberg-apotheke.at\/katalog\/wp-json\/wp\/v2\/product_tag?post=24755"}],"curies":[{"name":"wp","href":"https:\/\/api.w.org\/{rel}","templated":true}]}}