{"id":24858,"date":"2025-11-25T19:44:41","date_gmt":"2025-11-25T18:44:41","guid":{"rendered":"https:\/\/www.hirtenberg-apotheke.at\/katalog\/produkt\/espara-magen-darm-kapseln-60-stk\/"},"modified":"2025-11-25T19:44:53","modified_gmt":"2025-11-25T18:44:53","slug":"espara-magen-darm-kapseln-60-stk","status":"publish","type":"product","link":"https:\/\/www.hirtenberg-apotheke.at\/katalog\/produkt\/espara-magen-darm-kapseln-60-stk\/","title":{"rendered":"Espara Magen Darm Kapseln 60 Stk."},"content":{"rendered":"<p>Espara Magen Darm Kapseln sind ein Nahrungserg\u00e4nzungsmittel mit einer Pflanzenkombination aus Kamille, Gelber Enzian, Ingwer, Melisse und K\u00e4sepappel, die zum Wohlbefinden im Magen-Darm-Bereich beitr\u00e4gt.<\/p>\n","protected":false},"excerpt":{"rendered":"<p>Espara Magen Darm Kapseln sind ein Nahrungserg\u00e4nzungsmittel mit einer Pflanzenkombination aus Kamille, Gelber Enzian, Ingwer, Melisse und K\u00e4sepappel, die zum Wohlbefinden im Magen-Darm-Bereich beitr\u00e4gt.<\/p>\n","protected":false},"featured_media":24860,"template":"","meta":{"_acf_changed":false},"product_brand":[341],"product_cat":[307],"product_tag":[],"class_list":{"0":"post-24858","1":"product","2":"type-product","3":"status-publish","4":"has-post-thumbnail","6":"product_brand-espara","7":"product_cat-e","8":"pa_packungsgroesse-60-stueck","10":"first","11":"instock","12":"shipping-taxable","13":"purchasable","14":"product-type-simple"},"acf":[],"_links":{"self":[{"href":"https:\/\/www.hirtenberg-apotheke.at\/katalog\/wp-json\/wp\/v2\/product\/24858","targetHints":{"allow":["GET"]}}],"collection":[{"href":"https:\/\/www.hirtenberg-apotheke.at\/katalog\/wp-json\/wp\/v2\/product"}],"about":[{"href":"https:\/\/www.hirtenberg-apotheke.at\/katalog\/wp-json\/wp\/v2\/types\/product"}],"wp:featuredmedia":[{"embeddable":true,"href":"https:\/\/www.hirtenberg-apotheke.at\/katalog\/wp-json\/wp\/v2\/media\/24860"}],"wp:attachment":[{"href":"https:\/\/www.hirtenberg-apotheke.at\/katalog\/wp-json\/wp\/v2\/media?parent=24858"}],"wp:term":[{"taxonomy":"product_brand","embeddable":true,"href":"https:\/\/www.hirtenberg-apotheke.at\/katalog\/wp-json\/wp\/v2\/product_brand?post=24858"},{"taxonomy":"product_cat","embeddable":true,"href":"https:\/\/www.hirtenberg-apotheke.at\/katalog\/wp-json\/wp\/v2\/product_cat?post=24858"},{"taxonomy":"product_tag","embeddable":true,"href":"https:\/\/www.hirtenberg-apotheke.at\/katalog\/wp-json\/wp\/v2\/product_tag?post=24858"}],"curies":[{"name":"wp","href":"https:\/\/api.w.org\/{rel}","templated":true}]}}