{"id":24861,"date":"2025-11-25T19:44:41","date_gmt":"2025-11-25T18:44:41","guid":{"rendered":"https:\/\/www.hirtenberg-apotheke.at\/katalog\/produkt\/leber-galle-fit-kapseln\/"},"modified":"2025-11-25T19:44:59","modified_gmt":"2025-11-25T18:44:59","slug":"leber-galle-fit-kapseln","status":"publish","type":"product","link":"https:\/\/www.hirtenberg-apotheke.at\/katalog\/produkt\/leber-galle-fit-kapseln\/","title":{"rendered":"Leber &#8211; Galle &#8211; Fit Kapseln"},"content":{"rendered":"<p>Gall Pharma Leber-Galle-Fit GPH Kapseln 60 Stk. enthalten Mariendistel Trockenextrakt, Curcumawurzel, Pfefferminzbl\u00e4tter, Boldobl\u00e4tter und L\u00f6wenzahnwurzel in einer Hartgelatinekapsel. Die Inhaltsstoffe dieser pflanzlichen Extrakte erg\u00e4nzen sich in ihren positiven Eigenschaften auf Leber und Galle. Die Leber kann vor sch\u00e4digenden Einfl\u00fcssen gesch\u00fctzt und ihre Regenerationsf\u00e4higkeit verbessert werden. Bei angeregter Gallenproduktion und funktionierendem Gallenfluss k\u00f6nnen fette Speisen ausreichend verdaut und V\u00f6llegef\u00fchl und Bl\u00e4hungen vermieden werden -wir bieten Ihnen das Sortiment einer Standortapotheke nur mit hohem Rabatt, direkt zu Ihnen nach Hause geliefert!<\/p>\n","protected":false},"excerpt":{"rendered":"<p>Gall Pharma Leber-Galle-Fit GPH Kapseln 60 Stk. enthalten Mariendistel Trockenextrakt, Curcumawurzel, Pfefferminzbl\u00e4tter, Boldobl\u00e4tter und L\u00f6wenzahnwurzel in einer Hartgelatinekapsel. Die Inhaltsstoffe dieser pflanzlichen Extrakte erg\u00e4nzen sich in ihren positiven Eigenschaften auf Leber und Galle. Die Leber kann vor sch\u00e4digenden Einfl\u00fcssen gesch\u00fctzt und ihre Regenerationsf\u00e4higkeit verbessert werden. Bei angeregter Gallenproduktion und funktionierendem Gallenfluss k\u00f6nnen fette Speisen ausreichend [&hellip;]<\/p>\n","protected":false},"featured_media":24863,"template":"","meta":{"_acf_changed":false},"product_brand":[316],"product_cat":[317],"product_tag":[],"class_list":{"0":"post-24861","1":"product","2":"type-product","3":"status-publish","4":"has-post-thumbnail","6":"product_brand-gall-pharma","7":"product_cat-l","8":"pa_packungsgroesse-60-stueck","9":"pa_packungsgroesse-120-stueck","11":"first","12":"instock","13":"shipping-taxable","14":"purchasable","15":"product-type-simple"},"acf":[],"_links":{"self":[{"href":"https:\/\/www.hirtenberg-apotheke.at\/katalog\/wp-json\/wp\/v2\/product\/24861","targetHints":{"allow":["GET"]}}],"collection":[{"href":"https:\/\/www.hirtenberg-apotheke.at\/katalog\/wp-json\/wp\/v2\/product"}],"about":[{"href":"https:\/\/www.hirtenberg-apotheke.at\/katalog\/wp-json\/wp\/v2\/types\/product"}],"wp:featuredmedia":[{"embeddable":true,"href":"https:\/\/www.hirtenberg-apotheke.at\/katalog\/wp-json\/wp\/v2\/media\/24863"}],"wp:attachment":[{"href":"https:\/\/www.hirtenberg-apotheke.at\/katalog\/wp-json\/wp\/v2\/media?parent=24861"}],"wp:term":[{"taxonomy":"product_brand","embeddable":true,"href":"https:\/\/www.hirtenberg-apotheke.at\/katalog\/wp-json\/wp\/v2\/product_brand?post=24861"},{"taxonomy":"product_cat","embeddable":true,"href":"https:\/\/www.hirtenberg-apotheke.at\/katalog\/wp-json\/wp\/v2\/product_cat?post=24861"},{"taxonomy":"product_tag","embeddable":true,"href":"https:\/\/www.hirtenberg-apotheke.at\/katalog\/wp-json\/wp\/v2\/product_tag?post=24861"}],"curies":[{"name":"wp","href":"https:\/\/api.w.org\/{rel}","templated":true}]}}