{"id":25184,"date":"2025-11-25T19:48:20","date_gmt":"2025-11-25T18:48:20","guid":{"rendered":"https:\/\/www.hirtenberg-apotheke.at\/katalog\/produkt\/gum-periobal-mundflora-lutschtabletten\/"},"modified":"2025-11-25T19:49:04","modified_gmt":"2025-11-25T18:49:04","slug":"gum-periobal-mundflora-lutschtabletten","status":"publish","type":"product","link":"https:\/\/www.hirtenberg-apotheke.at\/katalog\/produkt\/gum-periobal-mundflora-lutschtabletten\/","title":{"rendered":"Gum Periobal Mundflora Lutschtabletten"},"content":{"rendered":"<p>Gum Periobalance Mundflora Lutschtabletten sind ein einzigartiges Probiotikum f\u00fcr die Pflege des Zahnfleisches. Durch die probiotische Wirkungsweise werden das Gleichgewicht der oralen Mikroflora wieder hergestellt und dabei die nat\u00fcrlichen Abwehrmechanismen des Mundes gest\u00e4rkt. Dieses Produkt unterst\u00fctzt die Reduktion von Plaque-Bildung, Entz\u00fcndungen und Gingivitis. Es hat die F\u00e4higkeit sich an den Speichel und an die Mundschleimhaut anzuheften. Klinische Studien haben gezeigt, dass Lactobacillus reuteri Prodentis sowohl f\u00fcr Kinder als auch f\u00fcr Erwachsene, bei empfohlener Anwendung sicher ist.Enth\u00e4lt Lactobacillus reuteri Prodentis &#8211; ein patentiertes Bakterium. Frischer Minzgeschmack. F\u00fcr Vegetarier geeignet. Unkomplizierte Anwendung: Nur 1-2 Lutschtabletten pro Tag..<\/p>\n","protected":false},"excerpt":{"rendered":"<p>Gum Periobalance Mundflora Lutschtabletten sind ein einzigartiges Probiotikum f\u00fcr die Pflege des Zahnfleisches. Durch die probiotische Wirkungsweise werden das Gleichgewicht der oralen Mikroflora wieder hergestellt und dabei die nat\u00fcrlichen Abwehrmechanismen des Mundes gest\u00e4rkt. Dieses Produkt unterst\u00fctzt die Reduktion von Plaque-Bildung, Entz\u00fcndungen und Gingivitis. Es hat die F\u00e4higkeit sich an den Speichel und an die Mundschleimhaut [&hellip;]<\/p>\n","protected":false},"featured_media":25186,"template":"","meta":{"_acf_changed":false},"product_brand":[886],"product_cat":[328],"product_tag":[],"class_list":{"0":"post-25184","1":"product","2":"type-product","3":"status-publish","4":"has-post-thumbnail","6":"product_brand-g-u-m","7":"product_cat-g","8":"pa_packungsgroesse-30-stueck","10":"first","11":"instock","12":"shipping-taxable","13":"purchasable","14":"product-type-simple"},"acf":[],"_links":{"self":[{"href":"https:\/\/www.hirtenberg-apotheke.at\/katalog\/wp-json\/wp\/v2\/product\/25184","targetHints":{"allow":["GET"]}}],"collection":[{"href":"https:\/\/www.hirtenberg-apotheke.at\/katalog\/wp-json\/wp\/v2\/product"}],"about":[{"href":"https:\/\/www.hirtenberg-apotheke.at\/katalog\/wp-json\/wp\/v2\/types\/product"}],"wp:featuredmedia":[{"embeddable":true,"href":"https:\/\/www.hirtenberg-apotheke.at\/katalog\/wp-json\/wp\/v2\/media\/25186"}],"wp:attachment":[{"href":"https:\/\/www.hirtenberg-apotheke.at\/katalog\/wp-json\/wp\/v2\/media?parent=25184"}],"wp:term":[{"taxonomy":"product_brand","embeddable":true,"href":"https:\/\/www.hirtenberg-apotheke.at\/katalog\/wp-json\/wp\/v2\/product_brand?post=25184"},{"taxonomy":"product_cat","embeddable":true,"href":"https:\/\/www.hirtenberg-apotheke.at\/katalog\/wp-json\/wp\/v2\/product_cat?post=25184"},{"taxonomy":"product_tag","embeddable":true,"href":"https:\/\/www.hirtenberg-apotheke.at\/katalog\/wp-json\/wp\/v2\/product_tag?post=25184"}],"curies":[{"name":"wp","href":"https:\/\/api.w.org\/{rel}","templated":true}]}}