{"id":25581,"date":"2025-11-25T19:53:40","date_gmt":"2025-11-25T18:53:40","guid":{"rendered":"https:\/\/www.hirtenberg-apotheke.at\/katalog\/produkt\/dikro-fit-klebezement-3-stk\/"},"modified":"2025-11-25T19:54:10","modified_gmt":"2025-11-25T18:54:10","slug":"dikro-fit-klebezement-3-stk","status":"publish","type":"product","link":"https:\/\/www.hirtenberg-apotheke.at\/katalog\/produkt\/dikro-fit-klebezement-3-stk\/","title":{"rendered":"Dikro-Fit Klebezement 3 Stk."},"content":{"rendered":"<p>Dikro-Fit Klebezement 3 Stk. ist ideal um vor\u00fcbergehend locker gewordener Kronen, Br\u00fccken, Verblendungen, Gussf\u00fcllungen und Teilkronen zu befestigen. Der Klebezement basiert auf Zinkoxid und Polyacryls\u00e4ure &#8211; jetzt in Ihrer Versandapotheke bestellen!<\/p>\n","protected":false},"excerpt":{"rendered":"<p>Dikro-Fit Klebezement 3 Stk. ist ideal um vor\u00fcbergehend locker gewordener Kronen, Br\u00fccken, Verblendungen, Gussf\u00fcllungen und Teilkronen zu befestigen. Der Klebezement basiert auf Zinkoxid und Polyacryls\u00e4ure &#8211; jetzt in Ihrer Versandapotheke bestellen!<\/p>\n","protected":false},"featured_media":25583,"template":"","meta":{"_acf_changed":false},"product_brand":[],"product_cat":[295],"product_tag":[],"class_list":{"0":"post-25581","1":"product","2":"type-product","3":"status-publish","4":"has-post-thumbnail","6":"product_cat-d","7":"pa_packungsgroesse-3-stueck","9":"first","10":"instock","11":"shipping-taxable","12":"purchasable","13":"product-type-simple"},"acf":[],"_links":{"self":[{"href":"https:\/\/www.hirtenberg-apotheke.at\/katalog\/wp-json\/wp\/v2\/product\/25581","targetHints":{"allow":["GET"]}}],"collection":[{"href":"https:\/\/www.hirtenberg-apotheke.at\/katalog\/wp-json\/wp\/v2\/product"}],"about":[{"href":"https:\/\/www.hirtenberg-apotheke.at\/katalog\/wp-json\/wp\/v2\/types\/product"}],"wp:featuredmedia":[{"embeddable":true,"href":"https:\/\/www.hirtenberg-apotheke.at\/katalog\/wp-json\/wp\/v2\/media\/25583"}],"wp:attachment":[{"href":"https:\/\/www.hirtenberg-apotheke.at\/katalog\/wp-json\/wp\/v2\/media?parent=25581"}],"wp:term":[{"taxonomy":"product_brand","embeddable":true,"href":"https:\/\/www.hirtenberg-apotheke.at\/katalog\/wp-json\/wp\/v2\/product_brand?post=25581"},{"taxonomy":"product_cat","embeddable":true,"href":"https:\/\/www.hirtenberg-apotheke.at\/katalog\/wp-json\/wp\/v2\/product_cat?post=25581"},{"taxonomy":"product_tag","embeddable":true,"href":"https:\/\/www.hirtenberg-apotheke.at\/katalog\/wp-json\/wp\/v2\/product_tag?post=25581"}],"curies":[{"name":"wp","href":"https:\/\/api.w.org\/{rel}","templated":true}]}}