{"id":27932,"date":"2025-11-25T20:59:27","date_gmt":"2025-11-25T19:59:27","guid":{"rendered":"https:\/\/www.hirtenberg-apotheke.at\/katalog\/produkt\/apopharm-bachblueten-rescue-n-spray-20-ml\/"},"modified":"2025-11-25T20:59:51","modified_gmt":"2025-11-25T19:59:51","slug":"apopharm-bachblueten-rescue-n-spray-20-ml","status":"publish","type":"product","link":"https:\/\/www.hirtenberg-apotheke.at\/katalog\/produkt\/apopharm-bachblueten-rescue-n-spray-20-ml\/","title":{"rendered":"Apopharm Bachbl\u00fcten Rescue N Spray 20 ml"},"content":{"rendered":"<p>Apopharm Bachbl\u00fcten Rescue N Spray ist eine Kombination aus der Original Bach-Bl\u00fctenmischung Rescue und der Original Bach-Bl\u00fcte White Chestnut. Sie sorgt f\u00fcr Entspannung am Abend und einen erholsamen Schlaf. Einfach 2 Spr\u00fchst\u00f6\u00dfe auf die Zunge geben.<\/p>\n","protected":false},"excerpt":{"rendered":"<p>Apopharm Bachbl\u00fcten Rescue N Spray ist eine Kombination aus der Original Bach-Bl\u00fctenmischung Rescue und der Original Bach-Bl\u00fcte White Chestnut. Sie sorgt f\u00fcr Entspannung am Abend und einen erholsamen Schlaf. Einfach 2 Spr\u00fchst\u00f6\u00dfe auf die Zunge geben.<\/p>\n","protected":false},"featured_media":27934,"template":"","meta":{"_acf_changed":false},"product_brand":[],"product_cat":[299],"product_tag":[],"class_list":{"0":"post-27932","1":"product","2":"type-product","3":"status-publish","4":"has-post-thumbnail","6":"product_cat-a","7":"pa_packungsgroesse-20ml","9":"first","10":"instock","11":"shipping-taxable","12":"purchasable","13":"product-type-simple"},"acf":[],"_links":{"self":[{"href":"https:\/\/www.hirtenberg-apotheke.at\/katalog\/wp-json\/wp\/v2\/product\/27932","targetHints":{"allow":["GET"]}}],"collection":[{"href":"https:\/\/www.hirtenberg-apotheke.at\/katalog\/wp-json\/wp\/v2\/product"}],"about":[{"href":"https:\/\/www.hirtenberg-apotheke.at\/katalog\/wp-json\/wp\/v2\/types\/product"}],"wp:featuredmedia":[{"embeddable":true,"href":"https:\/\/www.hirtenberg-apotheke.at\/katalog\/wp-json\/wp\/v2\/media\/27934"}],"wp:attachment":[{"href":"https:\/\/www.hirtenberg-apotheke.at\/katalog\/wp-json\/wp\/v2\/media?parent=27932"}],"wp:term":[{"taxonomy":"product_brand","embeddable":true,"href":"https:\/\/www.hirtenberg-apotheke.at\/katalog\/wp-json\/wp\/v2\/product_brand?post=27932"},{"taxonomy":"product_cat","embeddable":true,"href":"https:\/\/www.hirtenberg-apotheke.at\/katalog\/wp-json\/wp\/v2\/product_cat?post=27932"},{"taxonomy":"product_tag","embeddable":true,"href":"https:\/\/www.hirtenberg-apotheke.at\/katalog\/wp-json\/wp\/v2\/product_tag?post=27932"}],"curies":[{"name":"wp","href":"https:\/\/api.w.org\/{rel}","templated":true}]}}