{"id":28008,"date":"2025-11-25T21:00:31","date_gmt":"2025-11-25T20:00:31","guid":{"rendered":"https:\/\/www.hirtenberg-apotheke.at\/katalog\/produkt\/healing-herbs-scleranth-10-ml\/"},"modified":"2025-11-25T21:00:33","modified_gmt":"2025-11-25T20:00:33","slug":"healing-herbs-scleranth-10-ml","status":"publish","type":"product","link":"https:\/\/www.hirtenberg-apotheke.at\/katalog\/produkt\/healing-herbs-scleranth-10-ml\/","title":{"rendered":"Healing Herbs Scleranth 10 ml"},"content":{"rendered":"<p>Healing Herbs Scleranth wird besonders bei allen krankhaften St\u00f6rungen empfohlen, die mit Entscheidungsunf\u00e4higkeit oder Wechselhaftigkeit einhergehen oder davon ausgel\u00f6st wurden. So wird es im t\u00e4glichen Leben bei Schusseligkeit, Entschlusslosigkeit, Zerstreutheit, Z\u00f6gern, Ablenkbarkeit sowie Gedankenflucht eingesetzt.<\/p>\n","protected":false},"excerpt":{"rendered":"<p>Healing Herbs Scleranth wird besonders bei allen krankhaften St\u00f6rungen empfohlen, die mit Entscheidungsunf\u00e4higkeit oder Wechselhaftigkeit einhergehen oder davon ausgel\u00f6st wurden. So wird es im t\u00e4glichen Leben bei Schusseligkeit, Entschlusslosigkeit, Zerstreutheit, Z\u00f6gern, Ablenkbarkeit sowie Gedankenflucht eingesetzt.<\/p>\n","protected":false},"featured_media":0,"template":"","meta":{"_acf_changed":false},"product_brand":[919],"product_cat":[330],"product_tag":[],"class_list":{"0":"post-28008","1":"product","2":"type-product","3":"status-publish","5":"product_brand-healing-herbs","6":"product_cat-h","7":"pa_packungsgroesse-10ml","9":"first","10":"instock","11":"shipping-taxable","12":"purchasable","13":"product-type-simple"},"acf":[],"_links":{"self":[{"href":"https:\/\/www.hirtenberg-apotheke.at\/katalog\/wp-json\/wp\/v2\/product\/28008","targetHints":{"allow":["GET"]}}],"collection":[{"href":"https:\/\/www.hirtenberg-apotheke.at\/katalog\/wp-json\/wp\/v2\/product"}],"about":[{"href":"https:\/\/www.hirtenberg-apotheke.at\/katalog\/wp-json\/wp\/v2\/types\/product"}],"wp:attachment":[{"href":"https:\/\/www.hirtenberg-apotheke.at\/katalog\/wp-json\/wp\/v2\/media?parent=28008"}],"wp:term":[{"taxonomy":"product_brand","embeddable":true,"href":"https:\/\/www.hirtenberg-apotheke.at\/katalog\/wp-json\/wp\/v2\/product_brand?post=28008"},{"taxonomy":"product_cat","embeddable":true,"href":"https:\/\/www.hirtenberg-apotheke.at\/katalog\/wp-json\/wp\/v2\/product_cat?post=28008"},{"taxonomy":"product_tag","embeddable":true,"href":"https:\/\/www.hirtenberg-apotheke.at\/katalog\/wp-json\/wp\/v2\/product_tag?post=28008"}],"curies":[{"name":"wp","href":"https:\/\/api.w.org\/{rel}","templated":true}]}}