{"id":28198,"date":"2025-11-25T21:03:17","date_gmt":"2025-11-25T20:03:17","guid":{"rendered":"https:\/\/www.hirtenberg-apotheke.at\/katalog\/produkt\/osanit-zahnungszaepfchen-12-stk\/"},"modified":"2025-11-25T21:03:32","modified_gmt":"2025-11-25T20:03:32","slug":"osanit-zahnungszaepfchen-12-stk","status":"publish","type":"product","link":"https:\/\/www.hirtenberg-apotheke.at\/katalog\/produkt\/osanit-zahnungszaepfchen-12-stk\/","title":{"rendered":"Osanit Zahnungsz\u00e4pfchen 12 Stk."},"content":{"rendered":"<p>Osanit Zahnungsz\u00e4pfchen 12 Stk. zur Anwendung bei Zahnungsbeschwerden bei Kleinkindern mit heftigen Schmerzzust\u00e4nden, Schmerz\u00fcberempfindlichkeit, Zahnungsfieber, Zahnungsdurchfall, reizbaren Verstimmungs- zust\u00e4nden und Unruhe.<\/p>\n","protected":false},"excerpt":{"rendered":"<p>Osanit Zahnungsz\u00e4pfchen 12 Stk. zur Anwendung bei Zahnungsbeschwerden bei Kleinkindern mit heftigen Schmerzzust\u00e4nden, Schmerz\u00fcberempfindlichkeit, Zahnungsfieber, Zahnungsdurchfall, reizbaren Verstimmungs- zust\u00e4nden und Unruhe.<\/p>\n","protected":false},"featured_media":0,"template":"","meta":{"_acf_changed":false},"product_brand":[],"product_cat":[349],"product_tag":[],"class_list":{"0":"post-28198","1":"product","2":"type-product","3":"status-publish","5":"product_cat-o","6":"pa_packungsgroesse-12-stueck","8":"first","9":"instock","10":"shipping-taxable","11":"purchasable","12":"product-type-simple"},"acf":[],"_links":{"self":[{"href":"https:\/\/www.hirtenberg-apotheke.at\/katalog\/wp-json\/wp\/v2\/product\/28198","targetHints":{"allow":["GET"]}}],"collection":[{"href":"https:\/\/www.hirtenberg-apotheke.at\/katalog\/wp-json\/wp\/v2\/product"}],"about":[{"href":"https:\/\/www.hirtenberg-apotheke.at\/katalog\/wp-json\/wp\/v2\/types\/product"}],"wp:attachment":[{"href":"https:\/\/www.hirtenberg-apotheke.at\/katalog\/wp-json\/wp\/v2\/media?parent=28198"}],"wp:term":[{"taxonomy":"product_brand","embeddable":true,"href":"https:\/\/www.hirtenberg-apotheke.at\/katalog\/wp-json\/wp\/v2\/product_brand?post=28198"},{"taxonomy":"product_cat","embeddable":true,"href":"https:\/\/www.hirtenberg-apotheke.at\/katalog\/wp-json\/wp\/v2\/product_cat?post=28198"},{"taxonomy":"product_tag","embeddable":true,"href":"https:\/\/www.hirtenberg-apotheke.at\/katalog\/wp-json\/wp\/v2\/product_tag?post=28198"}],"curies":[{"name":"wp","href":"https:\/\/api.w.org\/{rel}","templated":true}]}}