{"id":28367,"date":"2025-11-25T21:06:10","date_gmt":"2025-11-25T20:06:10","guid":{"rendered":"https:\/\/www.hirtenberg-apotheke.at\/katalog\/produkt\/mastodynon-tabletten-60-stk\/"},"modified":"2025-11-25T21:06:26","modified_gmt":"2025-11-25T20:06:26","slug":"mastodynon-tabletten-60-stk","status":"publish","type":"product","link":"https:\/\/www.hirtenberg-apotheke.at\/katalog\/produkt\/mastodynon-tabletten-60-stk\/","title":{"rendered":"Mastodynon Tabletten 60 Stk."},"content":{"rendered":"<p>Mastodynon\u00ae Tabletten sind ein hom\u00f6opathisches Arzneimittel f\u00fcr die Frauenheilkunde. Die Anwendungsgebiete leiten sich von den hom\u00f6opathischen Arzneimittelbildern ab. Dazu geh\u00f6ren: Beschwerden vor der Periodenblutung, wie z.B. Spannungs- und Schwellungsgef\u00fchl in den Br\u00fcsten (Mastodynie) sowie Beschwerden w\u00e4hrend der Periodenblutung und bei unregelm\u00e4\u00dfigen Periodenblutungen (Zyklusst\u00f6rungen). Bei anhaltenden, unklaren oder wiederkehrenden Beschwerden sollte ein\/e Arzt\/\u00c4rztin aufgesucht werden, da es sich um eine Erkrankung handeln kann, die einer \u00e4rztlichen Behandlung bedarf.<\/p>\n","protected":false},"excerpt":{"rendered":"<p>Mastodynon\u00ae Tabletten sind ein hom\u00f6opathisches Arzneimittel f\u00fcr die Frauenheilkunde. Die Anwendungsgebiete leiten sich von den hom\u00f6opathischen Arzneimittelbildern ab. Dazu geh\u00f6ren: Beschwerden vor der Periodenblutung, wie z.B. Spannungs- und Schwellungsgef\u00fchl in den Br\u00fcsten (Mastodynie) sowie Beschwerden w\u00e4hrend der Periodenblutung und bei unregelm\u00e4\u00dfigen Periodenblutungen (Zyklusst\u00f6rungen). Bei anhaltenden, unklaren oder wiederkehrenden Beschwerden sollte ein\/e Arzt\/\u00c4rztin aufgesucht werden, da [&hellip;]<\/p>\n","protected":false},"featured_media":28369,"template":"","meta":{"_acf_changed":false},"product_brand":[],"product_cat":[308],"product_tag":[],"class_list":{"0":"post-28367","1":"product","2":"type-product","3":"status-publish","4":"has-post-thumbnail","6":"product_cat-m","7":"pa_packungsgroesse-60-stueck","9":"first","10":"instock","11":"shipping-taxable","12":"purchasable","13":"product-type-simple"},"acf":[],"_links":{"self":[{"href":"https:\/\/www.hirtenberg-apotheke.at\/katalog\/wp-json\/wp\/v2\/product\/28367","targetHints":{"allow":["GET"]}}],"collection":[{"href":"https:\/\/www.hirtenberg-apotheke.at\/katalog\/wp-json\/wp\/v2\/product"}],"about":[{"href":"https:\/\/www.hirtenberg-apotheke.at\/katalog\/wp-json\/wp\/v2\/types\/product"}],"wp:featuredmedia":[{"embeddable":true,"href":"https:\/\/www.hirtenberg-apotheke.at\/katalog\/wp-json\/wp\/v2\/media\/28369"}],"wp:attachment":[{"href":"https:\/\/www.hirtenberg-apotheke.at\/katalog\/wp-json\/wp\/v2\/media?parent=28367"}],"wp:term":[{"taxonomy":"product_brand","embeddable":true,"href":"https:\/\/www.hirtenberg-apotheke.at\/katalog\/wp-json\/wp\/v2\/product_brand?post=28367"},{"taxonomy":"product_cat","embeddable":true,"href":"https:\/\/www.hirtenberg-apotheke.at\/katalog\/wp-json\/wp\/v2\/product_cat?post=28367"},{"taxonomy":"product_tag","embeddable":true,"href":"https:\/\/www.hirtenberg-apotheke.at\/katalog\/wp-json\/wp\/v2\/product_tag?post=28367"}],"curies":[{"name":"wp","href":"https:\/\/api.w.org\/{rel}","templated":true}]}}