{"id":28510,"date":"2025-11-25T21:08:16","date_gmt":"2025-11-25T20:08:16","guid":{"rendered":"https:\/\/www.hirtenberg-apotheke.at\/katalog\/produkt\/haemex-tropfen-50-ml\/"},"modified":"2025-11-25T21:09:49","modified_gmt":"2025-11-25T20:09:49","slug":"haemex-tropfen-50-ml","status":"publish","type":"product","link":"https:\/\/www.hirtenberg-apotheke.at\/katalog\/produkt\/haemex-tropfen-50-ml\/","title":{"rendered":"Haemex Tropfen 50 ml"},"content":{"rendered":"<p>Haemex Tropfen sind eine hom\u00f6opathische Arzneispezialit\u00e4t zum Einnehmen bei juckenden und schmerzenden H\u00e4morrhoiden. Die Einzelmittel sind so kombiniert, dass sie Brennen, Schmerzen und Juckreiz bei krankhaft ver\u00e4nderten H\u00e4morrhoiden lindern. F\u00fcr bessere Ergebnisse kombinieren Sie die hom\u00f6opathischen Haemex Tropfen mit der Haemex Pflegecreme.<\/p>\n","protected":false},"excerpt":{"rendered":"<p>Haemex Tropfen sind eine hom\u00f6opathische Arzneispezialit\u00e4t zum Einnehmen bei juckenden und schmerzenden H\u00e4morrhoiden. Die Einzelmittel sind so kombiniert, dass sie Brennen, Schmerzen und Juckreiz bei krankhaft ver\u00e4nderten H\u00e4morrhoiden lindern. F\u00fcr bessere Ergebnisse kombinieren Sie die hom\u00f6opathischen Haemex Tropfen mit der Haemex Pflegecreme.<\/p>\n","protected":false},"featured_media":28512,"template":"","meta":{"_acf_changed":false},"product_brand":[],"product_cat":[330],"product_tag":[],"class_list":{"0":"post-28510","1":"product","2":"type-product","3":"status-publish","4":"has-post-thumbnail","6":"product_cat-h","7":"pa_packungsgroesse-100ml","8":"pa_packungsgroesse-50ml","10":"first","11":"instock","12":"shipping-taxable","13":"purchasable","14":"product-type-simple"},"acf":[],"_links":{"self":[{"href":"https:\/\/www.hirtenberg-apotheke.at\/katalog\/wp-json\/wp\/v2\/product\/28510","targetHints":{"allow":["GET"]}}],"collection":[{"href":"https:\/\/www.hirtenberg-apotheke.at\/katalog\/wp-json\/wp\/v2\/product"}],"about":[{"href":"https:\/\/www.hirtenberg-apotheke.at\/katalog\/wp-json\/wp\/v2\/types\/product"}],"wp:featuredmedia":[{"embeddable":true,"href":"https:\/\/www.hirtenberg-apotheke.at\/katalog\/wp-json\/wp\/v2\/media\/28512"}],"wp:attachment":[{"href":"https:\/\/www.hirtenberg-apotheke.at\/katalog\/wp-json\/wp\/v2\/media?parent=28510"}],"wp:term":[{"taxonomy":"product_brand","embeddable":true,"href":"https:\/\/www.hirtenberg-apotheke.at\/katalog\/wp-json\/wp\/v2\/product_brand?post=28510"},{"taxonomy":"product_cat","embeddable":true,"href":"https:\/\/www.hirtenberg-apotheke.at\/katalog\/wp-json\/wp\/v2\/product_cat?post=28510"},{"taxonomy":"product_tag","embeddable":true,"href":"https:\/\/www.hirtenberg-apotheke.at\/katalog\/wp-json\/wp\/v2\/product_tag?post=28510"}],"curies":[{"name":"wp","href":"https:\/\/api.w.org\/{rel}","templated":true}]}}