{"id":28634,"date":"2025-11-25T21:10:21","date_gmt":"2025-11-25T20:10:21","guid":{"rendered":"https:\/\/www.hirtenberg-apotheke.at\/katalog\/produkt\/wala-agropyron-comp-globuli-20-g\/"},"modified":"2025-11-25T21:10:48","modified_gmt":"2025-11-25T20:10:48","slug":"wala-agropyron-comp-globuli-20-g","status":"publish","type":"product","link":"https:\/\/www.hirtenberg-apotheke.at\/katalog\/produkt\/wala-agropyron-comp-globuli-20-g\/","title":{"rendered":"Wala Agropyron Comp. Globuli 20 g"},"content":{"rendered":"<p>Wala Agropyron Comp. Globuli eignen sich bestens zum Einsatz bei Erk\u00e4ltungskrankheiten im Bereich des Kopfes. So wird das Produkt gerne bei Schnupfen, Stirnh\u00f6hlenkatarrh, Mandelentz\u00fcndung sowie grippalen Infekten angewendet.<\/p>\n","protected":false},"excerpt":{"rendered":"<p>Wala Agropyron Comp. Globuli eignen sich bestens zum Einsatz bei Erk\u00e4ltungskrankheiten im Bereich des Kopfes. So wird das Produkt gerne bei Schnupfen, Stirnh\u00f6hlenkatarrh, Mandelentz\u00fcndung sowie grippalen Infekten angewendet.<\/p>\n","protected":false},"featured_media":28636,"template":"","meta":{"_acf_changed":false},"product_brand":[857],"product_cat":[368],"product_tag":[],"class_list":{"0":"post-28634","1":"product","2":"type-product","3":"status-publish","4":"has-post-thumbnail","6":"product_brand-wala","7":"product_cat-w","8":"pa_packungsgroesse-20g","10":"first","11":"instock","12":"shipping-taxable","13":"purchasable","14":"product-type-simple"},"acf":[],"_links":{"self":[{"href":"https:\/\/www.hirtenberg-apotheke.at\/katalog\/wp-json\/wp\/v2\/product\/28634","targetHints":{"allow":["GET"]}}],"collection":[{"href":"https:\/\/www.hirtenberg-apotheke.at\/katalog\/wp-json\/wp\/v2\/product"}],"about":[{"href":"https:\/\/www.hirtenberg-apotheke.at\/katalog\/wp-json\/wp\/v2\/types\/product"}],"wp:featuredmedia":[{"embeddable":true,"href":"https:\/\/www.hirtenberg-apotheke.at\/katalog\/wp-json\/wp\/v2\/media\/28636"}],"wp:attachment":[{"href":"https:\/\/www.hirtenberg-apotheke.at\/katalog\/wp-json\/wp\/v2\/media?parent=28634"}],"wp:term":[{"taxonomy":"product_brand","embeddable":true,"href":"https:\/\/www.hirtenberg-apotheke.at\/katalog\/wp-json\/wp\/v2\/product_brand?post=28634"},{"taxonomy":"product_cat","embeddable":true,"href":"https:\/\/www.hirtenberg-apotheke.at\/katalog\/wp-json\/wp\/v2\/product_cat?post=28634"},{"taxonomy":"product_tag","embeddable":true,"href":"https:\/\/www.hirtenberg-apotheke.at\/katalog\/wp-json\/wp\/v2\/product_tag?post=28634"}],"curies":[{"name":"wp","href":"https:\/\/api.w.org\/{rel}","templated":true}]}}