{"id":28818,"date":"2025-11-25T21:12:53","date_gmt":"2025-11-25T20:12:53","guid":{"rendered":"https:\/\/www.hirtenberg-apotheke.at\/katalog\/produkt\/influenza-gastreu-r6-tropfen-50-ml\/"},"modified":"2025-11-25T21:13:36","modified_gmt":"2025-11-25T20:13:36","slug":"influenza-gastreu-r6-tropfen-50-ml","status":"publish","type":"product","link":"https:\/\/www.hirtenberg-apotheke.at\/katalog\/produkt\/influenza-gastreu-r6-tropfen-50-ml\/","title":{"rendered":"Influenza Gastreu R6 Tropfen 50 ml"},"content":{"rendered":"<p>Dr. Reckeweg Influenza-Gastreu R6 Tropfen sind eine Kombination aus 7 bew\u00e4hrten hom\u00f6opathischen Wirkstoffen, die gegen die vielf\u00e4ltigen Beschwerden einer Erk\u00e4ltung, wie Schnupfen, Husten und Kopfschmerzen, wirken. Bereits bei ersten Anzeichen einer Erk\u00e4ltung wie Fr\u00f6steln, einer laufenden oder verstopften Nase, sollte mit der Einnahme begonnen werden.<\/p>\n","protected":false},"excerpt":{"rendered":"<p>Dr. Reckeweg Influenza-Gastreu R6 Tropfen sind eine Kombination aus 7 bew\u00e4hrten hom\u00f6opathischen Wirkstoffen, die gegen die vielf\u00e4ltigen Beschwerden einer Erk\u00e4ltung, wie Schnupfen, Husten und Kopfschmerzen, wirken. Bereits bei ersten Anzeichen einer Erk\u00e4ltung wie Fr\u00f6steln, einer laufenden oder verstopften Nase, sollte mit der Einnahme begonnen werden.<\/p>\n","protected":false},"featured_media":0,"template":"","meta":{"_acf_changed":false},"product_brand":[],"product_cat":[370],"product_tag":[],"class_list":{"0":"post-28818","1":"product","2":"type-product","3":"status-publish","5":"product_cat-i","6":"pa_packungsgroesse-50ml","8":"first","9":"instock","10":"shipping-taxable","11":"purchasable","12":"product-type-simple"},"acf":[],"_links":{"self":[{"href":"https:\/\/www.hirtenberg-apotheke.at\/katalog\/wp-json\/wp\/v2\/product\/28818","targetHints":{"allow":["GET"]}}],"collection":[{"href":"https:\/\/www.hirtenberg-apotheke.at\/katalog\/wp-json\/wp\/v2\/product"}],"about":[{"href":"https:\/\/www.hirtenberg-apotheke.at\/katalog\/wp-json\/wp\/v2\/types\/product"}],"wp:attachment":[{"href":"https:\/\/www.hirtenberg-apotheke.at\/katalog\/wp-json\/wp\/v2\/media?parent=28818"}],"wp:term":[{"taxonomy":"product_brand","embeddable":true,"href":"https:\/\/www.hirtenberg-apotheke.at\/katalog\/wp-json\/wp\/v2\/product_brand?post=28818"},{"taxonomy":"product_cat","embeddable":true,"href":"https:\/\/www.hirtenberg-apotheke.at\/katalog\/wp-json\/wp\/v2\/product_cat?post=28818"},{"taxonomy":"product_tag","embeddable":true,"href":"https:\/\/www.hirtenberg-apotheke.at\/katalog\/wp-json\/wp\/v2\/product_tag?post=28818"}],"curies":[{"name":"wp","href":"https:\/\/api.w.org\/{rel}","templated":true}]}}