{"id":28864,"date":"2025-11-25T21:13:46","date_gmt":"2025-11-25T20:13:46","guid":{"rendered":"https:\/\/www.hirtenberg-apotheke.at\/katalog\/produkt\/psy-stabil-spagyra-tropfen-pekana-50-ml\/"},"modified":"2025-11-25T21:14:20","modified_gmt":"2025-11-25T20:14:20","slug":"psy-stabil-spagyra-tropfen-pekana-50-ml","status":"publish","type":"product","link":"https:\/\/www.hirtenberg-apotheke.at\/katalog\/produkt\/psy-stabil-spagyra-tropfen-pekana-50-ml\/","title":{"rendered":"Psy Stabil Spagyra Tropfen Pekana 50 ml"},"content":{"rendered":"<p>Psy Stabil spagyrische Tropfen Pekana dienen zur unterst\u00fctzenden Behandlung von Erwartungs-, Pr\u00fcfungs- und anderen Tages\u00e4ngsten.<\/p>\n","protected":false},"excerpt":{"rendered":"<p>Psy Stabil spagyrische Tropfen Pekana dienen zur unterst\u00fctzenden Behandlung von Erwartungs-, Pr\u00fcfungs- und anderen Tages\u00e4ngsten.<\/p>\n","protected":false},"featured_media":28866,"template":"","meta":{"_acf_changed":false},"product_brand":[],"product_cat":[302],"product_tag":[],"class_list":{"0":"post-28864","1":"product","2":"type-product","3":"status-publish","4":"has-post-thumbnail","6":"product_cat-p","7":"pa_packungsgroesse-50ml","9":"first","10":"instock","11":"shipping-taxable","12":"purchasable","13":"product-type-simple"},"acf":[],"_links":{"self":[{"href":"https:\/\/www.hirtenberg-apotheke.at\/katalog\/wp-json\/wp\/v2\/product\/28864","targetHints":{"allow":["GET"]}}],"collection":[{"href":"https:\/\/www.hirtenberg-apotheke.at\/katalog\/wp-json\/wp\/v2\/product"}],"about":[{"href":"https:\/\/www.hirtenberg-apotheke.at\/katalog\/wp-json\/wp\/v2\/types\/product"}],"wp:featuredmedia":[{"embeddable":true,"href":"https:\/\/www.hirtenberg-apotheke.at\/katalog\/wp-json\/wp\/v2\/media\/28866"}],"wp:attachment":[{"href":"https:\/\/www.hirtenberg-apotheke.at\/katalog\/wp-json\/wp\/v2\/media?parent=28864"}],"wp:term":[{"taxonomy":"product_brand","embeddable":true,"href":"https:\/\/www.hirtenberg-apotheke.at\/katalog\/wp-json\/wp\/v2\/product_brand?post=28864"},{"taxonomy":"product_cat","embeddable":true,"href":"https:\/\/www.hirtenberg-apotheke.at\/katalog\/wp-json\/wp\/v2\/product_cat?post=28864"},{"taxonomy":"product_tag","embeddable":true,"href":"https:\/\/www.hirtenberg-apotheke.at\/katalog\/wp-json\/wp\/v2\/product_tag?post=28864"}],"curies":[{"name":"wp","href":"https:\/\/api.w.org\/{rel}","templated":true}]}}