{"id":28944,"date":"2025-11-25T21:15:11","date_gmt":"2025-11-25T20:15:11","guid":{"rendered":"https:\/\/www.hirtenberg-apotheke.at\/katalog\/produkt\/opsonat-spag-g-konzentrat-pekana\/"},"modified":"2025-11-25T21:15:31","modified_gmt":"2025-11-25T20:15:31","slug":"opsonat-spag-g-konzentrat-pekana","status":"publish","type":"product","link":"https:\/\/www.hirtenberg-apotheke.at\/katalog\/produkt\/opsonat-spag-g-konzentrat-pekana\/","title":{"rendered":"Opsonat Spag. G Konzentrat Pekana"},"content":{"rendered":"<p>Opsonat Spag. G Konzentrat Pekana dient zur unterst\u00fctzenden Behandlung von entz\u00fcndlichen Krankheitsprozessen im Bereich der Schleimh\u00e4ute.<\/p>\n","protected":false},"excerpt":{"rendered":"<p>Opsonat Spag. G Konzentrat Pekana dient zur unterst\u00fctzenden Behandlung von entz\u00fcndlichen Krankheitsprozessen im Bereich der Schleimh\u00e4ute.<\/p>\n","protected":false},"featured_media":28946,"template":"","meta":{"_acf_changed":false},"product_brand":[],"product_cat":[349],"product_tag":[],"class_list":{"0":"post-28944","1":"product","2":"type-product","3":"status-publish","4":"has-post-thumbnail","6":"product_cat-o","7":"pa_packungsgroesse-150ml","9":"first","10":"instock","11":"shipping-taxable","12":"purchasable","13":"product-type-simple"},"acf":[],"_links":{"self":[{"href":"https:\/\/www.hirtenberg-apotheke.at\/katalog\/wp-json\/wp\/v2\/product\/28944","targetHints":{"allow":["GET"]}}],"collection":[{"href":"https:\/\/www.hirtenberg-apotheke.at\/katalog\/wp-json\/wp\/v2\/product"}],"about":[{"href":"https:\/\/www.hirtenberg-apotheke.at\/katalog\/wp-json\/wp\/v2\/types\/product"}],"wp:featuredmedia":[{"embeddable":true,"href":"https:\/\/www.hirtenberg-apotheke.at\/katalog\/wp-json\/wp\/v2\/media\/28946"}],"wp:attachment":[{"href":"https:\/\/www.hirtenberg-apotheke.at\/katalog\/wp-json\/wp\/v2\/media?parent=28944"}],"wp:term":[{"taxonomy":"product_brand","embeddable":true,"href":"https:\/\/www.hirtenberg-apotheke.at\/katalog\/wp-json\/wp\/v2\/product_brand?post=28944"},{"taxonomy":"product_cat","embeddable":true,"href":"https:\/\/www.hirtenberg-apotheke.at\/katalog\/wp-json\/wp\/v2\/product_cat?post=28944"},{"taxonomy":"product_tag","embeddable":true,"href":"https:\/\/www.hirtenberg-apotheke.at\/katalog\/wp-json\/wp\/v2\/product_tag?post=28944"}],"curies":[{"name":"wp","href":"https:\/\/api.w.org\/{rel}","templated":true}]}}