{"id":29261,"date":"2025-11-25T21:19:59","date_gmt":"2025-11-25T20:19:59","guid":{"rendered":"https:\/\/www.hirtenberg-apotheke.at\/katalog\/produkt\/wala-solum-20-g-globuli\/"},"modified":"2025-11-25T21:20:30","modified_gmt":"2025-11-25T20:20:30","slug":"wala-solum-20-g-globuli","status":"publish","type":"product","link":"https:\/\/www.hirtenberg-apotheke.at\/katalog\/produkt\/wala-solum-20-g-globuli\/","title":{"rendered":"Wala Solum 20 g Globuli"},"content":{"rendered":"<p>Wala Solum Globuli dienen der Anregung der W\u00e4rmeorganisation und Harmonisierung der Empfindungsorganisation. So kommt das Produkt etwa bei Wetterf\u00fchligkeit, Neuralgien und unterst\u00fctzend bei Wirbels\u00e4ulenbeschwerden zum Einsatz.<\/p>\n","protected":false},"excerpt":{"rendered":"<p>Wala Solum Globuli dienen der Anregung der W\u00e4rmeorganisation und Harmonisierung der Empfindungsorganisation. So kommt das Produkt etwa bei Wetterf\u00fchligkeit, Neuralgien und unterst\u00fctzend bei Wirbels\u00e4ulenbeschwerden zum Einsatz.<\/p>\n","protected":false},"featured_media":29263,"template":"","meta":{"_acf_changed":false},"product_brand":[857],"product_cat":[368],"product_tag":[],"class_list":{"0":"post-29261","1":"product","2":"type-product","3":"status-publish","4":"has-post-thumbnail","6":"product_brand-wala","7":"product_cat-w","8":"pa_packungsgroesse-20g","10":"first","11":"instock","12":"shipping-taxable","13":"purchasable","14":"product-type-simple"},"acf":[],"_links":{"self":[{"href":"https:\/\/www.hirtenberg-apotheke.at\/katalog\/wp-json\/wp\/v2\/product\/29261","targetHints":{"allow":["GET"]}}],"collection":[{"href":"https:\/\/www.hirtenberg-apotheke.at\/katalog\/wp-json\/wp\/v2\/product"}],"about":[{"href":"https:\/\/www.hirtenberg-apotheke.at\/katalog\/wp-json\/wp\/v2\/types\/product"}],"wp:featuredmedia":[{"embeddable":true,"href":"https:\/\/www.hirtenberg-apotheke.at\/katalog\/wp-json\/wp\/v2\/media\/29263"}],"wp:attachment":[{"href":"https:\/\/www.hirtenberg-apotheke.at\/katalog\/wp-json\/wp\/v2\/media?parent=29261"}],"wp:term":[{"taxonomy":"product_brand","embeddable":true,"href":"https:\/\/www.hirtenberg-apotheke.at\/katalog\/wp-json\/wp\/v2\/product_brand?post=29261"},{"taxonomy":"product_cat","embeddable":true,"href":"https:\/\/www.hirtenberg-apotheke.at\/katalog\/wp-json\/wp\/v2\/product_cat?post=29261"},{"taxonomy":"product_tag","embeddable":true,"href":"https:\/\/www.hirtenberg-apotheke.at\/katalog\/wp-json\/wp\/v2\/product_tag?post=29261"}],"curies":[{"name":"wp","href":"https:\/\/api.w.org\/{rel}","templated":true}]}}