{"id":29456,"date":"2025-11-25T21:22:56","date_gmt":"2025-11-25T20:22:56","guid":{"rendered":"https:\/\/www.hirtenberg-apotheke.at\/katalog\/produkt\/adler-pharma-schuessler-tabletten-nr-1-calcium-fluoratum-d-12-100-g\/"},"modified":"2025-11-25T21:33:39","modified_gmt":"2025-11-25T20:33:39","slug":"adler-pharma-schuessler-tabletten-nr-1-calcium-fluoratum-d-12-100-g","status":"publish","type":"product","link":"https:\/\/www.hirtenberg-apotheke.at\/katalog\/produkt\/adler-pharma-schuessler-tabletten-nr-1-calcium-fluoratum-d-12-100-g\/","title":{"rendered":"Adler Pharma Sch\u00fc\u00dfler Tabletten Nr. 1 Calcium Fluoratum D 12 100 g"},"content":{"rendered":"<p>Sch\u00fc\u00dfler Nr. 1 Calcium Fluoratum ben\u00f6tigt der K\u00f6rper f\u00fcr den Aufbau von Muskeln, B\u00e4ndern, Knochen, Z\u00e4hnen, Sehnen und N\u00e4geln. Zudem h\u00e4rtet und festigt es diese zugleich. Als Weich- und Hartmacher festigt es erschlafftes Gewebe und macht verh\u00e4rtetes Gewebe wieder weich. Bis der Normalstand von Geweben wieder hergestellt ist, reguliert dieses Calcium Fluoratum also die Spannungsverh\u00e4ltnisse.<\/p>\n","protected":false},"excerpt":{"rendered":"<p>Sch\u00fc\u00dfler Nr. 1 Calcium Fluoratum ben\u00f6tigt der K\u00f6rper f\u00fcr den Aufbau von Muskeln, B\u00e4ndern, Knochen, Z\u00e4hnen, Sehnen und N\u00e4geln. Zudem h\u00e4rtet und festigt es diese zugleich. Als Weich- und Hartmacher festigt es erschlafftes Gewebe und macht verh\u00e4rtetes Gewebe wieder weich. Bis der Normalstand von Geweben wieder hergestellt ist, reguliert dieses Calcium Fluoratum also die Spannungsverh\u00e4ltnisse.<\/p>\n","protected":false},"featured_media":29458,"template":"","meta":{"_acf_changed":false},"product_brand":[920],"product_cat":[299],"product_tag":[],"class_list":{"0":"post-29456","1":"product","2":"type-product","3":"status-publish","4":"has-post-thumbnail","6":"product_brand-adler-pharma","7":"product_cat-a","8":"pa_packungsgroesse-1000g","9":"pa_packungsgroesse-100g","10":"pa_packungsgroesse-250g","11":"pa_packungsgroesse-500g","13":"first","14":"instock","15":"shipping-taxable","16":"purchasable","17":"product-type-simple"},"acf":[],"_links":{"self":[{"href":"https:\/\/www.hirtenberg-apotheke.at\/katalog\/wp-json\/wp\/v2\/product\/29456","targetHints":{"allow":["GET"]}}],"collection":[{"href":"https:\/\/www.hirtenberg-apotheke.at\/katalog\/wp-json\/wp\/v2\/product"}],"about":[{"href":"https:\/\/www.hirtenberg-apotheke.at\/katalog\/wp-json\/wp\/v2\/types\/product"}],"wp:featuredmedia":[{"embeddable":true,"href":"https:\/\/www.hirtenberg-apotheke.at\/katalog\/wp-json\/wp\/v2\/media\/29458"}],"wp:attachment":[{"href":"https:\/\/www.hirtenberg-apotheke.at\/katalog\/wp-json\/wp\/v2\/media?parent=29456"}],"wp:term":[{"taxonomy":"product_brand","embeddable":true,"href":"https:\/\/www.hirtenberg-apotheke.at\/katalog\/wp-json\/wp\/v2\/product_brand?post=29456"},{"taxonomy":"product_cat","embeddable":true,"href":"https:\/\/www.hirtenberg-apotheke.at\/katalog\/wp-json\/wp\/v2\/product_cat?post=29456"},{"taxonomy":"product_tag","embeddable":true,"href":"https:\/\/www.hirtenberg-apotheke.at\/katalog\/wp-json\/wp\/v2\/product_tag?post=29456"}],"curies":[{"name":"wp","href":"https:\/\/api.w.org\/{rel}","templated":true}]}}