{"id":29462,"date":"2025-11-25T21:22:56","date_gmt":"2025-11-25T20:22:56","guid":{"rendered":"https:\/\/www.hirtenberg-apotheke.at\/katalog\/produkt\/adler-pharma-schuessler-tabletten-nr-4-kalium-chloratum-d-6-100-g\/"},"modified":"2025-11-25T21:34:11","modified_gmt":"2025-11-25T20:34:11","slug":"adler-pharma-schuessler-tabletten-nr-4-kalium-chloratum-d-6-100-g","status":"publish","type":"product","link":"https:\/\/www.hirtenberg-apotheke.at\/katalog\/produkt\/adler-pharma-schuessler-tabletten-nr-4-kalium-chloratum-d-6-100-g\/","title":{"rendered":"Adler Pharma Sch\u00fc\u00dfler Tabletten Nr. 4 Kalium Chloratum D 6 100 g"},"content":{"rendered":"<p>Adler Pharma Dr. Sch\u00fc\u00dfler Tabletten Nr. 4 Kalium Chloratum D 6 sind unentbehrlich f\u00fcr die Funktion von Nerven und Muskeln. Kaliumchlorid befindet sich in den Schleimh\u00e4uten und den roten Blutk\u00f6rperchen und wird bei Beschwerden im Hals-, Nasen- und Rachenbereich angewendet. Dar\u00fcber hinaus helfen die Tabletten auch bei weichen Warzen, Hautausschl\u00e4gen, Bronchitis sowie Sehnenscheidenentz\u00fcndung.<\/p>\n","protected":false},"excerpt":{"rendered":"<p>Adler Pharma Dr. Sch\u00fc\u00dfler Tabletten Nr. 4 Kalium Chloratum D 6 sind unentbehrlich f\u00fcr die Funktion von Nerven und Muskeln. Kaliumchlorid befindet sich in den Schleimh\u00e4uten und den roten Blutk\u00f6rperchen und wird bei Beschwerden im Hals-, Nasen- und Rachenbereich angewendet. Dar\u00fcber hinaus helfen die Tabletten auch bei weichen Warzen, Hautausschl\u00e4gen, Bronchitis sowie Sehnenscheidenentz\u00fcndung.<\/p>\n","protected":false},"featured_media":29464,"template":"","meta":{"_acf_changed":false},"product_brand":[920],"product_cat":[299],"product_tag":[],"class_list":{"0":"post-29462","1":"product","2":"type-product","3":"status-publish","4":"has-post-thumbnail","6":"product_brand-adler-pharma","7":"product_cat-a","8":"pa_farbe-weiss","9":"pa_packungsgroesse-1000g","10":"pa_packungsgroesse-100g","11":"pa_packungsgroesse-250g","12":"pa_packungsgroesse-500g","14":"first","15":"instock","16":"shipping-taxable","17":"purchasable","18":"product-type-simple"},"acf":[],"_links":{"self":[{"href":"https:\/\/www.hirtenberg-apotheke.at\/katalog\/wp-json\/wp\/v2\/product\/29462","targetHints":{"allow":["GET"]}}],"collection":[{"href":"https:\/\/www.hirtenberg-apotheke.at\/katalog\/wp-json\/wp\/v2\/product"}],"about":[{"href":"https:\/\/www.hirtenberg-apotheke.at\/katalog\/wp-json\/wp\/v2\/types\/product"}],"wp:featuredmedia":[{"embeddable":true,"href":"https:\/\/www.hirtenberg-apotheke.at\/katalog\/wp-json\/wp\/v2\/media\/29464"}],"wp:attachment":[{"href":"https:\/\/www.hirtenberg-apotheke.at\/katalog\/wp-json\/wp\/v2\/media?parent=29462"}],"wp:term":[{"taxonomy":"product_brand","embeddable":true,"href":"https:\/\/www.hirtenberg-apotheke.at\/katalog\/wp-json\/wp\/v2\/product_brand?post=29462"},{"taxonomy":"product_cat","embeddable":true,"href":"https:\/\/www.hirtenberg-apotheke.at\/katalog\/wp-json\/wp\/v2\/product_cat?post=29462"},{"taxonomy":"product_tag","embeddable":true,"href":"https:\/\/www.hirtenberg-apotheke.at\/katalog\/wp-json\/wp\/v2\/product_tag?post=29462"}],"curies":[{"name":"wp","href":"https:\/\/api.w.org\/{rel}","templated":true}]}}