{"id":29477,"date":"2025-11-25T21:23:15","date_gmt":"2025-11-25T20:23:15","guid":{"rendered":"https:\/\/www.hirtenberg-apotheke.at\/katalog\/produkt\/adler-pharma-basecare-basisches-bad-400-g\/"},"modified":"2025-11-25T21:23:24","modified_gmt":"2025-11-25T20:23:24","slug":"adler-pharma-basecare-basisches-bad-400-g","status":"publish","type":"product","link":"https:\/\/www.hirtenberg-apotheke.at\/katalog\/produkt\/adler-pharma-basecare-basisches-bad-400-g\/","title":{"rendered":"Adler Pharma BaseCare basisches Bad 400 g"},"content":{"rendered":"<p>Basisches Mineralstoffbad unterst\u00fctzt den Abbau von Schadstoffen und S\u00e4uren \u00fcber die Haut. Die Haut ist das gr\u00f6\u00dfte Ausscheidungsorgan des K\u00f6rpers. Deshalb ist ein Abbau von Schadstoffen und S\u00e4uren \u00fcber die Haut sinnvoll. Wird eine Entlastung von Schadstoffen \u00fcber ein Bad angestrebt, sollte die Badetemperatur \u00fcber der K\u00f6rpertemperatur gew\u00e4hlt werden, sie sollte also \u00fcber 37\u00b0C liegen. Auf Grund des basischen pH-Wertes des Badewassers wird der K\u00f6rper veranlasst, S\u00e4ure \u00fcber die Haut auszuscheiden, um den pH-Wert auf den physiologischen Wert von ca. 7,4 auszugleichen. Es entsteht also ein osmotischer Druck durch den S\u00e4ure \u00fcber die Haut ausgeleitet werden kann.Wirkung:Auf Grund des basischen pH-Wertes des Badewassers wird der K\u00f6rper veranlasst, S\u00e4ure \u00fcber die Haut auszuscheiden, um den pH-Wert auf den physiologischen Wert von ca. 7,4 auszugleichen. Es entsteht also ein osmotischer Druck durch den S\u00e4ure \u00fcber die Haut ausgeleitet werden kann..<\/p>\n","protected":false},"excerpt":{"rendered":"<p>Basisches Mineralstoffbad unterst\u00fctzt den Abbau von Schadstoffen und S\u00e4uren \u00fcber die Haut. Die Haut ist das gr\u00f6\u00dfte Ausscheidungsorgan des K\u00f6rpers. Deshalb ist ein Abbau von Schadstoffen und S\u00e4uren \u00fcber die Haut sinnvoll. Wird eine Entlastung von Schadstoffen \u00fcber ein Bad angestrebt, sollte die Badetemperatur \u00fcber der K\u00f6rpertemperatur gew\u00e4hlt werden, sie sollte also \u00fcber 37\u00b0C liegen. [&hellip;]<\/p>\n","protected":false},"featured_media":29479,"template":"","meta":{"_acf_changed":false},"product_brand":[920],"product_cat":[299],"product_tag":[],"class_list":{"0":"post-29477","1":"product","2":"type-product","3":"status-publish","4":"has-post-thumbnail","6":"product_brand-adler-pharma","7":"product_cat-a","8":"pa_farbe-braun","9":"pa_geschmack-neutral","10":"pa_packungsgroesse-400g","12":"first","13":"instock","14":"shipping-taxable","15":"purchasable","16":"product-type-simple"},"acf":[],"_links":{"self":[{"href":"https:\/\/www.hirtenberg-apotheke.at\/katalog\/wp-json\/wp\/v2\/product\/29477","targetHints":{"allow":["GET"]}}],"collection":[{"href":"https:\/\/www.hirtenberg-apotheke.at\/katalog\/wp-json\/wp\/v2\/product"}],"about":[{"href":"https:\/\/www.hirtenberg-apotheke.at\/katalog\/wp-json\/wp\/v2\/types\/product"}],"wp:featuredmedia":[{"embeddable":true,"href":"https:\/\/www.hirtenberg-apotheke.at\/katalog\/wp-json\/wp\/v2\/media\/29479"}],"wp:attachment":[{"href":"https:\/\/www.hirtenberg-apotheke.at\/katalog\/wp-json\/wp\/v2\/media?parent=29477"}],"wp:term":[{"taxonomy":"product_brand","embeddable":true,"href":"https:\/\/www.hirtenberg-apotheke.at\/katalog\/wp-json\/wp\/v2\/product_brand?post=29477"},{"taxonomy":"product_cat","embeddable":true,"href":"https:\/\/www.hirtenberg-apotheke.at\/katalog\/wp-json\/wp\/v2\/product_cat?post=29477"},{"taxonomy":"product_tag","embeddable":true,"href":"https:\/\/www.hirtenberg-apotheke.at\/katalog\/wp-json\/wp\/v2\/product_tag?post=29477"}],"curies":[{"name":"wp","href":"https:\/\/api.w.org\/{rel}","templated":true}]}}