{"id":30315,"date":"2025-11-25T21:36:56","date_gmt":"2025-11-25T20:36:56","guid":{"rendered":"https:\/\/www.hirtenberg-apotheke.at\/katalog\/produkt\/haemarec-gastreu-r13-tropfen-50-ml\/"},"modified":"2025-11-25T21:37:00","modified_gmt":"2025-11-25T20:37:00","slug":"haemarec-gastreu-r13-tropfen-50-ml","status":"publish","type":"product","link":"https:\/\/www.hirtenberg-apotheke.at\/katalog\/produkt\/haemarec-gastreu-r13-tropfen-50-ml\/","title":{"rendered":"H\u00e4marec Gastreu R13 Tropfen 50 ml"},"content":{"rendered":"<p>H\u00e4marec Gastreu R13 Tropfen sind eine Kombination aus 8 bew\u00e4hrten hom\u00f6opathischen Wirkstoffen gegen die typischen Beschwerden bei H\u00e4morrhoiden wie Brennen, Juckreiz und Schmerzen im Bereich des Afters.<\/p>\n","protected":false},"excerpt":{"rendered":"<p>H\u00e4marec Gastreu R13 Tropfen sind eine Kombination aus 8 bew\u00e4hrten hom\u00f6opathischen Wirkstoffen gegen die typischen Beschwerden bei H\u00e4morrhoiden wie Brennen, Juckreiz und Schmerzen im Bereich des Afters.<\/p>\n","protected":false},"featured_media":0,"template":"","meta":{"_acf_changed":false},"product_brand":[],"product_cat":[330],"product_tag":[],"class_list":{"0":"post-30315","1":"product","2":"type-product","3":"status-publish","5":"product_cat-h","6":"pa_packungsgroesse-50ml","8":"first","9":"instock","10":"shipping-taxable","11":"purchasable","12":"product-type-simple"},"acf":[],"_links":{"self":[{"href":"https:\/\/www.hirtenberg-apotheke.at\/katalog\/wp-json\/wp\/v2\/product\/30315","targetHints":{"allow":["GET"]}}],"collection":[{"href":"https:\/\/www.hirtenberg-apotheke.at\/katalog\/wp-json\/wp\/v2\/product"}],"about":[{"href":"https:\/\/www.hirtenberg-apotheke.at\/katalog\/wp-json\/wp\/v2\/types\/product"}],"wp:attachment":[{"href":"https:\/\/www.hirtenberg-apotheke.at\/katalog\/wp-json\/wp\/v2\/media?parent=30315"}],"wp:term":[{"taxonomy":"product_brand","embeddable":true,"href":"https:\/\/www.hirtenberg-apotheke.at\/katalog\/wp-json\/wp\/v2\/product_brand?post=30315"},{"taxonomy":"product_cat","embeddable":true,"href":"https:\/\/www.hirtenberg-apotheke.at\/katalog\/wp-json\/wp\/v2\/product_cat?post=30315"},{"taxonomy":"product_tag","embeddable":true,"href":"https:\/\/www.hirtenberg-apotheke.at\/katalog\/wp-json\/wp\/v2\/product_tag?post=30315"}],"curies":[{"name":"wp","href":"https:\/\/api.w.org\/{rel}","templated":true}]}}