{"id":33263,"date":"2025-11-25T22:33:33","date_gmt":"2025-11-25T21:33:33","guid":{"rendered":"https:\/\/www.hirtenberg-apotheke.at\/katalog\/produkt\/peha-schlitzkompresse-50-stk-75-x-75-cm\/"},"modified":"2025-11-25T22:33:38","modified_gmt":"2025-11-25T21:33:38","slug":"peha-schlitzkompresse-50-stk-75-x-75-cm","status":"publish","type":"product","link":"https:\/\/www.hirtenberg-apotheke.at\/katalog\/produkt\/peha-schlitzkompresse-50-stk-75-x-75-cm\/","title":{"rendered":"Peha Schlitzkompresse 50 Stk. 7,5 x 7,5 cm"},"content":{"rendered":"<p>Peha Schlitzkompresse aus Verbandmull, EN 14079, steril, 17f\u00e4dig, 12fach, mit Y-Schnitt  gute Saugf\u00e4higkeit, luftdurchl\u00e4ssig, weich und geschmeidig.<\/p>\n","protected":false},"excerpt":{"rendered":"<p>Peha Schlitzkompresse aus Verbandmull, EN 14079, steril, 17f\u00e4dig, 12fach, mit Y-Schnitt gute Saugf\u00e4higkeit, luftdurchl\u00e4ssig, weich und geschmeidig.<\/p>\n","protected":false},"featured_media":33265,"template":"","meta":{"_acf_changed":false},"product_brand":[941],"product_cat":[302],"product_tag":[],"class_list":{"0":"post-33263","1":"product","2":"type-product","3":"status-publish","4":"has-post-thumbnail","6":"product_brand-peha","7":"product_cat-p","8":"pa_packungsgroesse-100-stueck","10":"first","11":"instock","12":"shipping-taxable","13":"purchasable","14":"product-type-simple"},"acf":[],"_links":{"self":[{"href":"https:\/\/www.hirtenberg-apotheke.at\/katalog\/wp-json\/wp\/v2\/product\/33263","targetHints":{"allow":["GET"]}}],"collection":[{"href":"https:\/\/www.hirtenberg-apotheke.at\/katalog\/wp-json\/wp\/v2\/product"}],"about":[{"href":"https:\/\/www.hirtenberg-apotheke.at\/katalog\/wp-json\/wp\/v2\/types\/product"}],"wp:featuredmedia":[{"embeddable":true,"href":"https:\/\/www.hirtenberg-apotheke.at\/katalog\/wp-json\/wp\/v2\/media\/33265"}],"wp:attachment":[{"href":"https:\/\/www.hirtenberg-apotheke.at\/katalog\/wp-json\/wp\/v2\/media?parent=33263"}],"wp:term":[{"taxonomy":"product_brand","embeddable":true,"href":"https:\/\/www.hirtenberg-apotheke.at\/katalog\/wp-json\/wp\/v2\/product_brand?post=33263"},{"taxonomy":"product_cat","embeddable":true,"href":"https:\/\/www.hirtenberg-apotheke.at\/katalog\/wp-json\/wp\/v2\/product_cat?post=33263"},{"taxonomy":"product_tag","embeddable":true,"href":"https:\/\/www.hirtenberg-apotheke.at\/katalog\/wp-json\/wp\/v2\/product_tag?post=33263"}],"curies":[{"name":"wp","href":"https:\/\/api.w.org\/{rel}","templated":true}]}}