{"id":33476,"date":"2025-11-25T22:37:00","date_gmt":"2025-11-25T21:37:00","guid":{"rendered":"https:\/\/www.hirtenberg-apotheke.at\/katalog\/produkt\/cutimed-sorbion-sachet-s-wundauflage-25-stk-75-x-75-cm\/"},"modified":"2025-11-25T22:37:13","modified_gmt":"2025-11-25T21:37:13","slug":"cutimed-sorbion-sachet-s-wundauflage-25-stk-75-x-75-cm","status":"publish","type":"product","link":"https:\/\/www.hirtenberg-apotheke.at\/katalog\/produkt\/cutimed-sorbion-sachet-s-wundauflage-25-stk-75-x-75-cm\/","title":{"rendered":"Cutimed Sorbion Sachet S Wundauflage 25 Stk. 7,5 x 7,5 cm"},"content":{"rendered":"<p>Cutimed Sorbion Sachet S Wundauflage 25 Stk. 7,5 x 7,5 cm ist ein superabsorbierender Prim\u00e4rverband f\u00fcr chronische Wunden. Cutimed\u00ae Sorbion\u00ae Sachet S nimmt sch\u00e4dliche Fl\u00fcssigkeit auf und schlie\u00dft diese im Inneren des Produktes ein und erm\u00f6glicht einen besonders effektiven Schutz des Wundrandes ebenso wie des Wundgrundes<\/p>\n","protected":false},"excerpt":{"rendered":"<p>Cutimed Sorbion Sachet S Wundauflage 25 Stk. 7,5 x 7,5 cm ist ein superabsorbierender Prim\u00e4rverband f\u00fcr chronische Wunden. Cutimed\u00ae Sorbion\u00ae Sachet S nimmt sch\u00e4dliche Fl\u00fcssigkeit auf und schlie\u00dft diese im Inneren des Produktes ein und erm\u00f6glicht einen besonders effektiven Schutz des Wundrandes ebenso wie des Wundgrundes<\/p>\n","protected":false},"featured_media":33478,"template":"","meta":{"_acf_changed":false},"product_brand":[],"product_cat":[337],"product_tag":[],"class_list":{"0":"post-33476","1":"product","2":"type-product","3":"status-publish","4":"has-post-thumbnail","6":"product_cat-c","7":"pa_packungsgroesse-25-stueck","9":"first","10":"instock","11":"shipping-taxable","12":"purchasable","13":"product-type-simple"},"acf":[],"_links":{"self":[{"href":"https:\/\/www.hirtenberg-apotheke.at\/katalog\/wp-json\/wp\/v2\/product\/33476","targetHints":{"allow":["GET"]}}],"collection":[{"href":"https:\/\/www.hirtenberg-apotheke.at\/katalog\/wp-json\/wp\/v2\/product"}],"about":[{"href":"https:\/\/www.hirtenberg-apotheke.at\/katalog\/wp-json\/wp\/v2\/types\/product"}],"wp:featuredmedia":[{"embeddable":true,"href":"https:\/\/www.hirtenberg-apotheke.at\/katalog\/wp-json\/wp\/v2\/media\/33478"}],"wp:attachment":[{"href":"https:\/\/www.hirtenberg-apotheke.at\/katalog\/wp-json\/wp\/v2\/media?parent=33476"}],"wp:term":[{"taxonomy":"product_brand","embeddable":true,"href":"https:\/\/www.hirtenberg-apotheke.at\/katalog\/wp-json\/wp\/v2\/product_brand?post=33476"},{"taxonomy":"product_cat","embeddable":true,"href":"https:\/\/www.hirtenberg-apotheke.at\/katalog\/wp-json\/wp\/v2\/product_cat?post=33476"},{"taxonomy":"product_tag","embeddable":true,"href":"https:\/\/www.hirtenberg-apotheke.at\/katalog\/wp-json\/wp\/v2\/product_tag?post=33476"}],"curies":[{"name":"wp","href":"https:\/\/api.w.org\/{rel}","templated":true}]}}