{"id":33684,"date":"2025-11-25T22:40:39","date_gmt":"2025-11-25T21:40:39","guid":{"rendered":"https:\/\/www.hirtenberg-apotheke.at\/katalog\/produkt\/dermaplast-hydro-fuer-kleine-wunden\/"},"modified":"2025-11-25T22:40:45","modified_gmt":"2025-11-25T21:40:45","slug":"dermaplast-hydro-fuer-kleine-wunden","status":"publish","type":"product","link":"https:\/\/www.hirtenberg-apotheke.at\/katalog\/produkt\/dermaplast-hydro-fuer-kleine-wunden\/","title":{"rendered":"DermaPlast\u00ae Hydro f\u00fcr kleine Wunden"},"content":{"rendered":"<p>&#8222;Produkteigenschaften:Transparente Hydrokolloid-Pflasterstrips in verschiedenen Gr\u00f6\u00dfen f\u00fcr diverse Bagatellverletzungen, schnellere Wundheilung und Schmerzreduktion, wasserfest, bakterienabweisend und atmungsaktiv, hygienisch in praktischer Plastikbox verpackt.&#8220;<\/p>\n","protected":false},"excerpt":{"rendered":"<p>&#8222;Produkteigenschaften:Transparente Hydrokolloid-Pflasterstrips in verschiedenen Gr\u00f6\u00dfen f\u00fcr diverse Bagatellverletzungen, schnellere Wundheilung und Schmerzreduktion, wasserfest, bakterienabweisend und atmungsaktiv, hygienisch in praktischer Plastikbox verpackt.&#8220;<\/p>\n","protected":false},"featured_media":33686,"template":"","meta":{"_acf_changed":false},"product_brand":[978],"product_cat":[295],"product_tag":[],"class_list":{"0":"post-33684","1":"product","2":"type-product","3":"status-publish","4":"has-post-thumbnail","6":"product_brand-dermaplast","7":"product_cat-d","8":"pa_packungsgroesse-7-stueck","10":"first","11":"instock","12":"shipping-taxable","13":"purchasable","14":"product-type-simple"},"acf":[],"_links":{"self":[{"href":"https:\/\/www.hirtenberg-apotheke.at\/katalog\/wp-json\/wp\/v2\/product\/33684","targetHints":{"allow":["GET"]}}],"collection":[{"href":"https:\/\/www.hirtenberg-apotheke.at\/katalog\/wp-json\/wp\/v2\/product"}],"about":[{"href":"https:\/\/www.hirtenberg-apotheke.at\/katalog\/wp-json\/wp\/v2\/types\/product"}],"wp:featuredmedia":[{"embeddable":true,"href":"https:\/\/www.hirtenberg-apotheke.at\/katalog\/wp-json\/wp\/v2\/media\/33686"}],"wp:attachment":[{"href":"https:\/\/www.hirtenberg-apotheke.at\/katalog\/wp-json\/wp\/v2\/media?parent=33684"}],"wp:term":[{"taxonomy":"product_brand","embeddable":true,"href":"https:\/\/www.hirtenberg-apotheke.at\/katalog\/wp-json\/wp\/v2\/product_brand?post=33684"},{"taxonomy":"product_cat","embeddable":true,"href":"https:\/\/www.hirtenberg-apotheke.at\/katalog\/wp-json\/wp\/v2\/product_cat?post=33684"},{"taxonomy":"product_tag","embeddable":true,"href":"https:\/\/www.hirtenberg-apotheke.at\/katalog\/wp-json\/wp\/v2\/product_tag?post=33684"}],"curies":[{"name":"wp","href":"https:\/\/api.w.org\/{rel}","templated":true}]}}