{"id":33883,"date":"2025-11-25T22:43:52","date_gmt":"2025-11-25T21:43:52","guid":{"rendered":"https:\/\/www.hirtenberg-apotheke.at\/katalog\/produkt\/leukostrip-s-streifen-64-x-76-mm-1-pkg-2\/"},"modified":"2025-11-25T22:44:00","modified_gmt":"2025-11-25T21:44:00","slug":"leukostrip-s-streifen-64-x-76-mm-1-pkg-2","status":"publish","type":"product","link":"https:\/\/www.hirtenberg-apotheke.at\/katalog\/produkt\/leukostrip-s-streifen-64-x-76-mm-1-pkg-2\/","title":{"rendered":"Leukostrip S Streifen 6,4 x 76 mm 1 Pkg."},"content":{"rendered":"<p>Leukostrip ist ein Wundnahtstreifen mit programmierter R\u00fcckstellkraft. LEUKOSTRIP Wundnahtstreifen bestehen aus 100% Polyamid-Gewebe und sind mit einem besonders hautfreundlichen Kleber versehen, der dennoch eine sichere Adaption der Wundr\u00e4nder gew\u00e4hrleistet. Leukostrip ist auch als \u00e4S = skin tone\u201c  also hautfarben erh\u00e4ltlich und hat sich dort bew\u00e4hrt, wo eine m\u00f6glichst unauff\u00e4llige Anwendung erw\u00fcnscht ist.<\/p>\n","protected":false},"excerpt":{"rendered":"<p>Leukostrip ist ein Wundnahtstreifen mit programmierter R\u00fcckstellkraft. LEUKOSTRIP Wundnahtstreifen bestehen aus 100% Polyamid-Gewebe und sind mit einem besonders hautfreundlichen Kleber versehen, der dennoch eine sichere Adaption der Wundr\u00e4nder gew\u00e4hrleistet. Leukostrip ist auch als \u00e4S = skin tone\u201c also hautfarben erh\u00e4ltlich und hat sich dort bew\u00e4hrt, wo eine m\u00f6glichst unauff\u00e4llige Anwendung erw\u00fcnscht ist.<\/p>\n","protected":false},"featured_media":0,"template":"","meta":{"_acf_changed":false},"product_brand":[],"product_cat":[317],"product_tag":[],"class_list":{"0":"post-33883","1":"product","2":"type-product","3":"status-publish","5":"product_cat-l","6":"pa_packungsgroesse-482","8":"first","9":"instock","10":"shipping-taxable","11":"purchasable","12":"product-type-simple"},"acf":[],"_links":{"self":[{"href":"https:\/\/www.hirtenberg-apotheke.at\/katalog\/wp-json\/wp\/v2\/product\/33883","targetHints":{"allow":["GET"]}}],"collection":[{"href":"https:\/\/www.hirtenberg-apotheke.at\/katalog\/wp-json\/wp\/v2\/product"}],"about":[{"href":"https:\/\/www.hirtenberg-apotheke.at\/katalog\/wp-json\/wp\/v2\/types\/product"}],"wp:attachment":[{"href":"https:\/\/www.hirtenberg-apotheke.at\/katalog\/wp-json\/wp\/v2\/media?parent=33883"}],"wp:term":[{"taxonomy":"product_brand","embeddable":true,"href":"https:\/\/www.hirtenberg-apotheke.at\/katalog\/wp-json\/wp\/v2\/product_brand?post=33883"},{"taxonomy":"product_cat","embeddable":true,"href":"https:\/\/www.hirtenberg-apotheke.at\/katalog\/wp-json\/wp\/v2\/product_cat?post=33883"},{"taxonomy":"product_tag","embeddable":true,"href":"https:\/\/www.hirtenberg-apotheke.at\/katalog\/wp-json\/wp\/v2\/product_tag?post=33883"}],"curies":[{"name":"wp","href":"https:\/\/api.w.org\/{rel}","templated":true}]}}