{"id":34129,"date":"2025-11-25T22:49:29","date_gmt":"2025-11-25T21:49:29","guid":{"rendered":"https:\/\/www.hirtenberg-apotheke.at\/katalog\/produkt\/trauma-salbe-waermend-mayrhofer\/"},"modified":"2025-11-25T22:53:04","modified_gmt":"2025-11-25T21:53:04","slug":"trauma-salbe-waermend-mayrhofer","status":"publish","type":"product","link":"https:\/\/www.hirtenberg-apotheke.at\/katalog\/produkt\/trauma-salbe-waermend-mayrhofer\/","title":{"rendered":"Trauma-Salbe w\u00e4rmend Mayrhofer"},"content":{"rendered":"<p>Trauma-Salbe w\u00e4rmend Mayrhofer ist eine Salbe zur \u00f6rtlichen Behandlung von Beschwerden des aktiven Bewegungsapparates. Schmerzstillende und durchblutungsf\u00f6rdernde Substanzen lindern das Schmerzempfinden und verbessern die Beweglichkeit.<\/p>\n","protected":false},"excerpt":{"rendered":"<p>Trauma-Salbe w\u00e4rmend Mayrhofer ist eine Salbe zur \u00f6rtlichen Behandlung von Beschwerden des aktiven Bewegungsapparates. Schmerzstillende und durchblutungsf\u00f6rdernde Substanzen lindern das Schmerzempfinden und verbessern die Beweglichkeit.<\/p>\n","protected":false},"featured_media":0,"template":"","meta":{"_acf_changed":false},"product_brand":[],"product_cat":[319],"product_tag":[],"class_list":{"0":"post-34129","1":"product","2":"type-product","3":"status-publish","5":"product_cat-t","6":"pa_packungsgroesse-100g","7":"pa_packungsgroesse-40g","8":"pa_packungsgroesse-500g","10":"first","11":"instock","12":"shipping-taxable","13":"purchasable","14":"product-type-variable"},"acf":[],"_links":{"self":[{"href":"https:\/\/www.hirtenberg-apotheke.at\/katalog\/wp-json\/wp\/v2\/product\/34129","targetHints":{"allow":["GET"]}}],"collection":[{"href":"https:\/\/www.hirtenberg-apotheke.at\/katalog\/wp-json\/wp\/v2\/product"}],"about":[{"href":"https:\/\/www.hirtenberg-apotheke.at\/katalog\/wp-json\/wp\/v2\/types\/product"}],"wp:attachment":[{"href":"https:\/\/www.hirtenberg-apotheke.at\/katalog\/wp-json\/wp\/v2\/media?parent=34129"}],"wp:term":[{"taxonomy":"product_brand","embeddable":true,"href":"https:\/\/www.hirtenberg-apotheke.at\/katalog\/wp-json\/wp\/v2\/product_brand?post=34129"},{"taxonomy":"product_cat","embeddable":true,"href":"https:\/\/www.hirtenberg-apotheke.at\/katalog\/wp-json\/wp\/v2\/product_cat?post=34129"},{"taxonomy":"product_tag","embeddable":true,"href":"https:\/\/www.hirtenberg-apotheke.at\/katalog\/wp-json\/wp\/v2\/product_tag?post=34129"}],"curies":[{"name":"wp","href":"https:\/\/api.w.org\/{rel}","templated":true}]}}