{"id":34211,"date":"2025-11-25T22:50:18","date_gmt":"2025-11-25T21:50:18","guid":{"rendered":"https:\/\/www.hirtenberg-apotheke.at\/katalog\/produkt\/perskindol-aktiv-spray-150-ml\/"},"modified":"2025-11-25T22:51:14","modified_gmt":"2025-11-25T21:51:14","slug":"perskindol-aktiv-spray-150-ml","status":"publish","type":"product","link":"https:\/\/www.hirtenberg-apotheke.at\/katalog\/produkt\/perskindol-aktiv-spray-150-ml\/","title":{"rendered":"Perskindol Aktiv Spray 150 ml"},"content":{"rendered":"<p>Perskindol Aktiv Spray eignet sich zur Durchblutung und Lockerung der Muskeln. Das schmerzlindernde Spray eignet sich f\u00fcr die lokale Behandlung von Muskel- und Gelenksbeschwerden, wie sie beispielsweise beim Sport, im B\u00fcro und im Alltag auftreten k\u00f6nnen.<\/p>\n","protected":false},"excerpt":{"rendered":"<p>Perskindol Aktiv Spray eignet sich zur Durchblutung und Lockerung der Muskeln. Das schmerzlindernde Spray eignet sich f\u00fcr die lokale Behandlung von Muskel- und Gelenksbeschwerden, wie sie beispielsweise beim Sport, im B\u00fcro und im Alltag auftreten k\u00f6nnen.<\/p>\n","protected":false},"featured_media":34213,"template":"","meta":{"_acf_changed":false},"product_brand":[986],"product_cat":[302],"product_tag":[],"class_list":{"0":"post-34211","1":"product","2":"type-product","3":"status-publish","4":"has-post-thumbnail","6":"product_brand-perskindol","7":"product_cat-p","8":"pa_packungsgroesse-150ml","10":"first","11":"instock","12":"shipping-taxable","13":"purchasable","14":"product-type-simple"},"acf":[],"_links":{"self":[{"href":"https:\/\/www.hirtenberg-apotheke.at\/katalog\/wp-json\/wp\/v2\/product\/34211","targetHints":{"allow":["GET"]}}],"collection":[{"href":"https:\/\/www.hirtenberg-apotheke.at\/katalog\/wp-json\/wp\/v2\/product"}],"about":[{"href":"https:\/\/www.hirtenberg-apotheke.at\/katalog\/wp-json\/wp\/v2\/types\/product"}],"wp:featuredmedia":[{"embeddable":true,"href":"https:\/\/www.hirtenberg-apotheke.at\/katalog\/wp-json\/wp\/v2\/media\/34213"}],"wp:attachment":[{"href":"https:\/\/www.hirtenberg-apotheke.at\/katalog\/wp-json\/wp\/v2\/media?parent=34211"}],"wp:term":[{"taxonomy":"product_brand","embeddable":true,"href":"https:\/\/www.hirtenberg-apotheke.at\/katalog\/wp-json\/wp\/v2\/product_brand?post=34211"},{"taxonomy":"product_cat","embeddable":true,"href":"https:\/\/www.hirtenberg-apotheke.at\/katalog\/wp-json\/wp\/v2\/product_cat?post=34211"},{"taxonomy":"product_tag","embeddable":true,"href":"https:\/\/www.hirtenberg-apotheke.at\/katalog\/wp-json\/wp\/v2\/product_tag?post=34211"}],"curies":[{"name":"wp","href":"https:\/\/api.w.org\/{rel}","templated":true}]}}