{"id":34647,"date":"2025-11-25T22:58:40","date_gmt":"2025-11-25T21:58:40","guid":{"rendered":"https:\/\/www.hirtenberg-apotheke.at\/katalog\/produkt\/arthrobene-muskelsalbe-rot-60-ml\/"},"modified":"2025-11-25T23:04:20","modified_gmt":"2025-11-25T22:04:20","slug":"arthrobene-muskelsalbe-rot-60-ml","status":"publish","type":"product","link":"https:\/\/www.hirtenberg-apotheke.at\/katalog\/produkt\/arthrobene-muskelsalbe-rot-60-ml\/","title":{"rendered":"Arthrobene Muskelsalbe Rot 60 ml"},"content":{"rendered":"<p>Arthrobene Muskelsalbe Rot mit dem Extrakt der Chilischoten dient zur Entspannung und Durchblutung der Muskulatur. Die Wirkung setzt sofort ein, da die pflanzlich-\u00e4therischen Wirkstoffe von der Haut rasch aufgenommen werden und eine intensive Hautdurchblutung ausl\u00f6sen. Wirkt lockernd, w\u00e4rmend und entspannend.<\/p>\n","protected":false},"excerpt":{"rendered":"<p>Arthrobene Muskelsalbe Rot mit dem Extrakt der Chilischoten dient zur Entspannung und Durchblutung der Muskulatur. Die Wirkung setzt sofort ein, da die pflanzlich-\u00e4therischen Wirkstoffe von der Haut rasch aufgenommen werden und eine intensive Hautdurchblutung ausl\u00f6sen. Wirkt lockernd, w\u00e4rmend und entspannend.<\/p>\n","protected":false},"featured_media":0,"template":"","meta":{"_acf_changed":false},"product_brand":[],"product_cat":[299],"product_tag":[],"class_list":{"0":"post-34647","1":"product","2":"type-product","3":"status-publish","5":"product_cat-a","6":"pa_farbe-rot","7":"pa_packungsgroesse-250ml","8":"pa_packungsgroesse-60ml","10":"first","11":"instock","12":"shipping-taxable","13":"purchasable","14":"product-type-simple"},"acf":[],"_links":{"self":[{"href":"https:\/\/www.hirtenberg-apotheke.at\/katalog\/wp-json\/wp\/v2\/product\/34647","targetHints":{"allow":["GET"]}}],"collection":[{"href":"https:\/\/www.hirtenberg-apotheke.at\/katalog\/wp-json\/wp\/v2\/product"}],"about":[{"href":"https:\/\/www.hirtenberg-apotheke.at\/katalog\/wp-json\/wp\/v2\/types\/product"}],"wp:attachment":[{"href":"https:\/\/www.hirtenberg-apotheke.at\/katalog\/wp-json\/wp\/v2\/media?parent=34647"}],"wp:term":[{"taxonomy":"product_brand","embeddable":true,"href":"https:\/\/www.hirtenberg-apotheke.at\/katalog\/wp-json\/wp\/v2\/product_brand?post=34647"},{"taxonomy":"product_cat","embeddable":true,"href":"https:\/\/www.hirtenberg-apotheke.at\/katalog\/wp-json\/wp\/v2\/product_cat?post=34647"},{"taxonomy":"product_tag","embeddable":true,"href":"https:\/\/www.hirtenberg-apotheke.at\/katalog\/wp-json\/wp\/v2\/product_tag?post=34647"}],"curies":[{"name":"wp","href":"https:\/\/api.w.org\/{rel}","templated":true}]}}