{"id":34753,"date":"2025-11-25T23:00:27","date_gmt":"2025-11-25T22:00:27","guid":{"rendered":"https:\/\/www.hirtenberg-apotheke.at\/katalog\/produkt\/mag-doskar-pferdebalsam-plus-weihrauch-100-ml\/"},"modified":"2025-11-25T23:01:06","modified_gmt":"2025-11-25T22:01:06","slug":"mag-doskar-pferdebalsam-plus-weihrauch-100-ml","status":"publish","type":"product","link":"https:\/\/www.hirtenberg-apotheke.at\/katalog\/produkt\/mag-doskar-pferdebalsam-plus-weihrauch-100-ml\/","title":{"rendered":"Mag. Doskar Pferdebalsam plus Weihrauch 100 ml"},"content":{"rendered":"<p>Mag. Doskar Pferdebalsam plus Weihrauch enth\u00e4lt neben Weihrauch, Nachtkerzen\u00f6l, Eukalyptus\u00f6l, Rosmarin\u00f6l, Melissen\u00f6l, Lavendel\u00f6l und Pfefferminz\u00f6l und harmonisiert den in Disharmonie geratenen Bewegungsapparat des Pferdes.<\/p>\n","protected":false},"excerpt":{"rendered":"<p>Mag. Doskar Pferdebalsam plus Weihrauch enth\u00e4lt neben Weihrauch, Nachtkerzen\u00f6l, Eukalyptus\u00f6l, Rosmarin\u00f6l, Melissen\u00f6l, Lavendel\u00f6l und Pfefferminz\u00f6l und harmonisiert den in Disharmonie geratenen Bewegungsapparat des Pferdes.<\/p>\n","protected":false},"featured_media":34755,"template":"","meta":{"_acf_changed":false},"product_brand":[423],"product_cat":[308],"product_tag":[],"class_list":{"0":"post-34753","1":"product","2":"type-product","3":"status-publish","4":"has-post-thumbnail","6":"product_brand-doskar","7":"product_cat-m","8":"pa_packungsgroesse-100ml","10":"first","11":"instock","12":"shipping-taxable","13":"purchasable","14":"product-type-simple"},"acf":[],"_links":{"self":[{"href":"https:\/\/www.hirtenberg-apotheke.at\/katalog\/wp-json\/wp\/v2\/product\/34753","targetHints":{"allow":["GET"]}}],"collection":[{"href":"https:\/\/www.hirtenberg-apotheke.at\/katalog\/wp-json\/wp\/v2\/product"}],"about":[{"href":"https:\/\/www.hirtenberg-apotheke.at\/katalog\/wp-json\/wp\/v2\/types\/product"}],"wp:featuredmedia":[{"embeddable":true,"href":"https:\/\/www.hirtenberg-apotheke.at\/katalog\/wp-json\/wp\/v2\/media\/34755"}],"wp:attachment":[{"href":"https:\/\/www.hirtenberg-apotheke.at\/katalog\/wp-json\/wp\/v2\/media?parent=34753"}],"wp:term":[{"taxonomy":"product_brand","embeddable":true,"href":"https:\/\/www.hirtenberg-apotheke.at\/katalog\/wp-json\/wp\/v2\/product_brand?post=34753"},{"taxonomy":"product_cat","embeddable":true,"href":"https:\/\/www.hirtenberg-apotheke.at\/katalog\/wp-json\/wp\/v2\/product_cat?post=34753"},{"taxonomy":"product_tag","embeddable":true,"href":"https:\/\/www.hirtenberg-apotheke.at\/katalog\/wp-json\/wp\/v2\/product_tag?post=34753"}],"curies":[{"name":"wp","href":"https:\/\/api.w.org\/{rel}","templated":true}]}}