{"id":34769,"date":"2025-11-25T23:01:10","date_gmt":"2025-11-25T22:01:10","guid":{"rendered":"https:\/\/www.hirtenberg-apotheke.at\/katalog\/produkt\/arthrobene-sport-magnesium-sticks-15-stk\/"},"modified":"2025-11-25T23:01:16","modified_gmt":"2025-11-25T22:01:16","slug":"arthrobene-sport-magnesium-sticks-15-stk","status":"publish","type":"product","link":"https:\/\/www.hirtenberg-apotheke.at\/katalog\/produkt\/arthrobene-sport-magnesium-sticks-15-stk\/","title":{"rendered":"Arthrobene Sport Magnesium Sticks 15 Stk."},"content":{"rendered":"<p>Arthrobene Sport Sticks bietten ideale Nahrungserg\u00e4nzung, um volle sportliche Leistung erbringen zu k\u00f6nnen. Neben einer ausgewogenen Kombination aus Mikron\u00e4hrstoffen, Mineralstoffen und Spurenelementen enthalten die Sticks wertvolle Aufbaustoffe wie NAG (N-Acetyl-Glucosamin), Vitamin C und Mangan<\/p>\n","protected":false},"excerpt":{"rendered":"<p>Arthrobene Sport Sticks bietten ideale Nahrungserg\u00e4nzung, um volle sportliche Leistung erbringen zu k\u00f6nnen. Neben einer ausgewogenen Kombination aus Mikron\u00e4hrstoffen, Mineralstoffen und Spurenelementen enthalten die Sticks wertvolle Aufbaustoffe wie NAG (N-Acetyl-Glucosamin), Vitamin C und Mangan<\/p>\n","protected":false},"featured_media":0,"template":"","meta":{"_acf_changed":false},"product_brand":[],"product_cat":[299],"product_tag":[],"class_list":{"0":"post-34769","1":"product","2":"type-product","3":"status-publish","5":"product_cat-a","6":"pa_farbe-weiss-roetlich","7":"pa_geschmack-orange","8":"pa_packungsgroesse-15-stueck","10":"first","11":"instock","12":"shipping-taxable","13":"purchasable","14":"product-type-simple"},"acf":[],"_links":{"self":[{"href":"https:\/\/www.hirtenberg-apotheke.at\/katalog\/wp-json\/wp\/v2\/product\/34769","targetHints":{"allow":["GET"]}}],"collection":[{"href":"https:\/\/www.hirtenberg-apotheke.at\/katalog\/wp-json\/wp\/v2\/product"}],"about":[{"href":"https:\/\/www.hirtenberg-apotheke.at\/katalog\/wp-json\/wp\/v2\/types\/product"}],"wp:attachment":[{"href":"https:\/\/www.hirtenberg-apotheke.at\/katalog\/wp-json\/wp\/v2\/media?parent=34769"}],"wp:term":[{"taxonomy":"product_brand","embeddable":true,"href":"https:\/\/www.hirtenberg-apotheke.at\/katalog\/wp-json\/wp\/v2\/product_brand?post=34769"},{"taxonomy":"product_cat","embeddable":true,"href":"https:\/\/www.hirtenberg-apotheke.at\/katalog\/wp-json\/wp\/v2\/product_cat?post=34769"},{"taxonomy":"product_tag","embeddable":true,"href":"https:\/\/www.hirtenberg-apotheke.at\/katalog\/wp-json\/wp\/v2\/product_tag?post=34769"}],"curies":[{"name":"wp","href":"https:\/\/api.w.org\/{rel}","templated":true}]}}