{"id":35139,"date":"2025-11-25T23:07:30","date_gmt":"2025-11-25T22:07:30","guid":{"rendered":"https:\/\/www.hirtenberg-apotheke.at\/katalog\/produkt\/clearblue-schwangerschaftstest-mit-wochenbestimmung-1-stk\/"},"modified":"2025-11-25T23:09:11","modified_gmt":"2025-11-25T22:09:11","slug":"clearblue-schwangerschaftstest-mit-wochenbestimmung-1-stk","status":"publish","type":"product","link":"https:\/\/www.hirtenberg-apotheke.at\/katalog\/produkt\/clearblue-schwangerschaftstest-mit-wochenbestimmung-1-stk\/","title":{"rendered":"Clearblue Schwangerschaftstest mit Wochenbestimmung 1 Stk."},"content":{"rendered":"<p>Clearblue Schwangerschaftstest beinhaltet zwei Tests in einem  zum einen wird ab dem F\u00e4lligkeitstag der Periode die Konzentration des Schwangerschaftshormons mit einer Zuverl\u00e4ssigkeit von 99% gemessen. Zum anderen zeigt Ihnen der Test im Fall einer Schwangerschaft auch an, wie lange die Empf\u00e4ngnis zur\u00fcckliegt: 1-2, 2-3 oder \u00fcber 3 Wochen (3+). Der Zeitpunkt Ihrer Empf\u00e4ngnis wird bei einer vorliegenden Schwangerschaft mit einer Zuverl\u00e4ssigkeit von 93% angezeigt.<\/p>\n","protected":false},"excerpt":{"rendered":"<p>Clearblue Schwangerschaftstest beinhaltet zwei Tests in einem zum einen wird ab dem F\u00e4lligkeitstag der Periode die Konzentration des Schwangerschaftshormons mit einer Zuverl\u00e4ssigkeit von 99% gemessen. Zum anderen zeigt Ihnen der Test im Fall einer Schwangerschaft auch an, wie lange die Empf\u00e4ngnis zur\u00fcckliegt: 1-2, 2-3 oder \u00fcber 3 Wochen (3+). Der Zeitpunkt Ihrer Empf\u00e4ngnis wird bei [&hellip;]<\/p>\n","protected":false},"featured_media":35141,"template":"","meta":{"_acf_changed":false},"product_brand":[],"product_cat":[337],"product_tag":[],"class_list":{"0":"post-35139","1":"product","2":"type-product","3":"status-publish","4":"has-post-thumbnail","6":"product_cat-c","7":"pa_packungsgroesse-1-stueck","8":"pa_packungsgroesse-2-stueck","10":"first","11":"instock","12":"shipping-taxable","13":"purchasable","14":"product-type-simple"},"acf":[],"_links":{"self":[{"href":"https:\/\/www.hirtenberg-apotheke.at\/katalog\/wp-json\/wp\/v2\/product\/35139","targetHints":{"allow":["GET"]}}],"collection":[{"href":"https:\/\/www.hirtenberg-apotheke.at\/katalog\/wp-json\/wp\/v2\/product"}],"about":[{"href":"https:\/\/www.hirtenberg-apotheke.at\/katalog\/wp-json\/wp\/v2\/types\/product"}],"wp:featuredmedia":[{"embeddable":true,"href":"https:\/\/www.hirtenberg-apotheke.at\/katalog\/wp-json\/wp\/v2\/media\/35141"}],"wp:attachment":[{"href":"https:\/\/www.hirtenberg-apotheke.at\/katalog\/wp-json\/wp\/v2\/media?parent=35139"}],"wp:term":[{"taxonomy":"product_brand","embeddable":true,"href":"https:\/\/www.hirtenberg-apotheke.at\/katalog\/wp-json\/wp\/v2\/product_brand?post=35139"},{"taxonomy":"product_cat","embeddable":true,"href":"https:\/\/www.hirtenberg-apotheke.at\/katalog\/wp-json\/wp\/v2\/product_cat?post=35139"},{"taxonomy":"product_tag","embeddable":true,"href":"https:\/\/www.hirtenberg-apotheke.at\/katalog\/wp-json\/wp\/v2\/product_tag?post=35139"}],"curies":[{"name":"wp","href":"https:\/\/api.w.org\/{rel}","templated":true}]}}