{"id":35414,"date":"2025-11-25T23:13:04","date_gmt":"2025-11-25T22:13:04","guid":{"rendered":"https:\/\/www.hirtenberg-apotheke.at\/katalog\/produkt\/cyclotest-schwangerschafts-frueh-test\/"},"modified":"2025-11-25T23:14:00","modified_gmt":"2025-11-25T22:14:00","slug":"cyclotest-schwangerschafts-frueh-test","status":"publish","type":"product","link":"https:\/\/www.hirtenberg-apotheke.at\/katalog\/produkt\/cyclotest-schwangerschafts-frueh-test\/","title":{"rendered":"CYCLOTEST Schwangerschafts-Fr\u00fch-Test"},"content":{"rendered":"<p>CYCLOTEST Schwangerschafts-Fr\u00fch-Test, Ein-Stufen-Schwangerschaftstest, zu jeder Tageszeit und bereits acht Tage vor F\u00e4lligkeit der Periode anwendbar, Anzeige bereits ab 12 IU\/L hCG-Konzentration im Harn.<\/p>\n","protected":false},"excerpt":{"rendered":"<p>CYCLOTEST Schwangerschafts-Fr\u00fch-Test, Ein-Stufen-Schwangerschaftstest, zu jeder Tageszeit und bereits acht Tage vor F\u00e4lligkeit der Periode anwendbar, Anzeige bereits ab 12 IU\/L hCG-Konzentration im Harn.<\/p>\n","protected":false},"featured_media":35416,"template":"","meta":{"_acf_changed":false},"product_brand":[],"product_cat":[337],"product_tag":[],"class_list":{"0":"post-35414","1":"product","2":"type-product","3":"status-publish","4":"has-post-thumbnail","6":"product_cat-c","7":"pa_packungsgroesse-1-stueck","9":"first","10":"instock","11":"shipping-taxable","12":"purchasable","13":"product-type-simple"},"acf":[],"_links":{"self":[{"href":"https:\/\/www.hirtenberg-apotheke.at\/katalog\/wp-json\/wp\/v2\/product\/35414","targetHints":{"allow":["GET"]}}],"collection":[{"href":"https:\/\/www.hirtenberg-apotheke.at\/katalog\/wp-json\/wp\/v2\/product"}],"about":[{"href":"https:\/\/www.hirtenberg-apotheke.at\/katalog\/wp-json\/wp\/v2\/types\/product"}],"wp:featuredmedia":[{"embeddable":true,"href":"https:\/\/www.hirtenberg-apotheke.at\/katalog\/wp-json\/wp\/v2\/media\/35416"}],"wp:attachment":[{"href":"https:\/\/www.hirtenberg-apotheke.at\/katalog\/wp-json\/wp\/v2\/media?parent=35414"}],"wp:term":[{"taxonomy":"product_brand","embeddable":true,"href":"https:\/\/www.hirtenberg-apotheke.at\/katalog\/wp-json\/wp\/v2\/product_brand?post=35414"},{"taxonomy":"product_cat","embeddable":true,"href":"https:\/\/www.hirtenberg-apotheke.at\/katalog\/wp-json\/wp\/v2\/product_cat?post=35414"},{"taxonomy":"product_tag","embeddable":true,"href":"https:\/\/www.hirtenberg-apotheke.at\/katalog\/wp-json\/wp\/v2\/product_tag?post=35414"}],"curies":[{"name":"wp","href":"https:\/\/api.w.org\/{rel}","templated":true}]}}