{"id":36403,"date":"2025-11-25T23:31:23","date_gmt":"2025-11-25T22:31:23","guid":{"rendered":"https:\/\/www.hirtenberg-apotheke.at\/katalog\/produkt\/heliocare-kapseln-60-stk\/"},"modified":"2025-11-25T23:31:48","modified_gmt":"2025-11-25T22:31:48","slug":"heliocare-kapseln-60-stk","status":"publish","type":"product","link":"https:\/\/www.hirtenberg-apotheke.at\/katalog\/produkt\/heliocare-kapseln-60-stk\/","title":{"rendered":"Heliocare Kapseln 60 Stk."},"content":{"rendered":"<ul>&#13;<\/p>\n<li>Nahrungserg\u00e4nzungsmittel mit Polypodium-leucotomos-Extrakt<\/li>\n<p>&#13;<\/p>\n<li>Enth\u00e4lt Beta-Carotin und Gr\u00fcntee-Extakt<\/li>\n<p>&#13;<\/p>\n<li>Unterst\u00fctzt das hauteigene Immunsystem<\/li>\n<p>&#13;<\/p>\n<li>Schutz vor oxidativem Stress<\/li>\n<p>&#13;<\/p>\n<li>Vegan, glutenfrei, lactosefrei<\/li>\n<p>&#13;\n<\/ul>\n","protected":false},"excerpt":{"rendered":"<p>&#13; Nahrungserg\u00e4nzungsmittel mit Polypodium-leucotomos-Extrakt &#13; Enth\u00e4lt Beta-Carotin und Gr\u00fcntee-Extakt &#13; Unterst\u00fctzt das hauteigene Immunsystem &#13; Schutz vor oxidativem Stress &#13; Vegan, glutenfrei, lactosefrei &#13;<\/p>\n","protected":false},"featured_media":0,"template":"","meta":{"_acf_changed":false},"product_brand":[1016],"product_cat":[330],"product_tag":[],"class_list":{"0":"post-36403","1":"product","2":"type-product","3":"status-publish","5":"product_brand-heliocare","6":"product_cat-h","7":"pa_packungsgroesse-60-stueck","9":"first","10":"instock","11":"shipping-taxable","12":"purchasable","13":"product-type-simple"},"acf":[],"_links":{"self":[{"href":"https:\/\/www.hirtenberg-apotheke.at\/katalog\/wp-json\/wp\/v2\/product\/36403","targetHints":{"allow":["GET"]}}],"collection":[{"href":"https:\/\/www.hirtenberg-apotheke.at\/katalog\/wp-json\/wp\/v2\/product"}],"about":[{"href":"https:\/\/www.hirtenberg-apotheke.at\/katalog\/wp-json\/wp\/v2\/types\/product"}],"wp:attachment":[{"href":"https:\/\/www.hirtenberg-apotheke.at\/katalog\/wp-json\/wp\/v2\/media?parent=36403"}],"wp:term":[{"taxonomy":"product_brand","embeddable":true,"href":"https:\/\/www.hirtenberg-apotheke.at\/katalog\/wp-json\/wp\/v2\/product_brand?post=36403"},{"taxonomy":"product_cat","embeddable":true,"href":"https:\/\/www.hirtenberg-apotheke.at\/katalog\/wp-json\/wp\/v2\/product_cat?post=36403"},{"taxonomy":"product_tag","embeddable":true,"href":"https:\/\/www.hirtenberg-apotheke.at\/katalog\/wp-json\/wp\/v2\/product_tag?post=36403"}],"curies":[{"name":"wp","href":"https:\/\/api.w.org\/{rel}","templated":true}]}}